CRAN Package Check Results for Package biotools

Last updated on 2022-12-09 22:55:47 CET.

Flavor Version Tinstall Tcheck Ttotal Status Flags
r-devel-linux-x86_64-debian-clang 4.2 3.85 55.75 59.60 NOTE
r-devel-linux-x86_64-debian-gcc 4.2 3.04 47.79 50.83 NOTE
r-devel-linux-x86_64-fedora-clang 4.2 87.73 NOTE
r-devel-linux-x86_64-fedora-gcc 4.2 92.14 NOTE
r-devel-windows-x86_64 4.2 35.00 107.00 142.00 NOTE
r-patched-linux-x86_64 4.2 5.16 51.63 56.79 OK
r-release-linux-x86_64 4.2 3.74 53.28 57.02 OK
r-release-macos-arm64 4.2 49.00 OK
r-release-macos-x86_64 4.2 48.00 OK
r-release-windows-x86_64 4.2 34.00 99.00 133.00 OK
r-oldrel-macos-arm64 4.2 30.00 NOTE
r-oldrel-macos-x86_64 4.2 56.00 NOTE
r-oldrel-windows-ix86+x86_64 4.2 10.00 84.00 94.00 OK

Check Details

Version: 4.2
Check: Rd files
Result: NOTE
    checkRd: (-1) tocher.Rd:13: Escaped LaTeX specials: \&
Flavors: r-devel-linux-x86_64-debian-clang, r-devel-linux-x86_64-debian-gcc, r-devel-linux-x86_64-fedora-clang, r-devel-linux-x86_64-fedora-gcc, r-devel-windows-x86_64

Version: 4.2
Check: package dependencies
Result: NOTE
    Package suggested but not available for checking: ‘rpanel’
Flavors: r-oldrel-macos-arm64, r-oldrel-macos-x86_64