Last updated on 2024-04-19 22:55:39 CEST.
Flavor | Version | Tinstall | Tcheck | Ttotal | Status | Flags |
---|---|---|---|---|---|---|
r-devel-linux-x86_64-debian-clang | 1.0.2 | 151.18 | 44.26 | 195.44 | NOTE | |
r-devel-linux-x86_64-debian-gcc | 1.0.2 | NOTE | ||||
r-devel-linux-x86_64-fedora-clang | 1.0.2 | 298.24 | NOTE | |||
r-devel-linux-x86_64-fedora-gcc | 1.0.2 | 291.06 | NOTE | |||
r-prerel-macos-arm64 | 1.0.2 | 52.00 | NOTE | |||
r-prerel-windows-x86_64 | 1.0.2 | 110.00 | 81.00 | 191.00 | NOTE | |
r-patched-linux-x86_64 | 1.0.2 | 143.19 | 47.13 | 190.32 | NOTE | |
r-release-linux-x86_64 | 1.0.2 | 137.87 | 46.88 | 184.75 | NOTE | |
r-release-macos-arm64 | 1.0.2 | 73.00 | NOTE | |||
r-release-macos-x86_64 | 1.0.2 | 106.00 | NOTE | |||
r-release-windows-x86_64 | 1.0.2 | 134.00 | 91.00 | 225.00 | NOTE | |
r-oldrel-macos-arm64 | 1.0.2 | 67.00 | NOTE | |||
r-oldrel-windows-x86_64 | 1.0.2 | 139.00 | 87.00 | 226.00 | OK |
Version: 1.0.2
Check: C++ specification
Result: NOTE
Specified C++11: please drop specification unless essential
Flavors: r-devel-linux-x86_64-debian-clang, r-devel-linux-x86_64-debian-gcc, r-devel-linux-x86_64-fedora-clang, r-devel-linux-x86_64-fedora-gcc, r-prerel-macos-arm64, r-prerel-windows-x86_64, r-patched-linux-x86_64, r-release-linux-x86_64, r-release-macos-arm64, r-release-macos-x86_64, r-release-windows-x86_64
Version: 1.0.2
Check: installed package size
Result: NOTE
installed size is 7.7Mb
sub-directories of 1Mb or more:
libs 7.5Mb
Flavors: r-prerel-macos-arm64, r-release-macos-arm64, r-release-macos-x86_64, r-oldrel-macos-arm64