Last updated on 2024-04-19 22:55:39 CEST.
Flavor | Version | Tinstall | Tcheck | Ttotal | Status | Flags |
---|---|---|---|---|---|---|
r-devel-linux-x86_64-debian-clang | 4.0.5 | 15.07 | 65.55 | 80.62 | NOTE | |
r-devel-linux-x86_64-debian-gcc | 4.0.5 | NOTE | ||||
r-devel-linux-x86_64-fedora-clang | 4.0.5 | 99.13 | NOTE | |||
r-devel-linux-x86_64-fedora-gcc | 4.0.5 | 95.03 | NOTE | |||
r-prerel-macos-arm64 | 4.0.5 | 27.00 | NOTE | |||
r-prerel-windows-x86_64 | 4.0.5 | 19.00 | 80.00 | 99.00 | NOTE | |
r-patched-linux-x86_64 | 4.0.5 | 17.90 | 60.50 | 78.40 | NOTE | |
r-release-linux-x86_64 | 4.0.5 | 14.21 | 61.06 | 75.27 | OK | |
r-release-macos-arm64 | 4.0.5 | 32.00 | OK | |||
r-release-macos-x86_64 | 4.0.5 | 39.00 | OK | |||
r-release-windows-x86_64 | 4.0.5 | 20.00 | 90.00 | 110.00 | OK | |
r-oldrel-macos-arm64 | 4.0.5 | 30.00 | OK | |||
r-oldrel-windows-x86_64 | 4.0.5 | 19.00 | 88.00 | 107.00 | OK |
Version: 4.0.5
Check: Rd files
Result: NOTE
checkRd: (-1) keypos.rd:27: Lost braces
27 | an integer vector of the same length as code{x} containing positions relativ to code{sort(unique(x), na.last=FALSE)}
| ^
checkRd: (-1) keypos.rd:27: Lost braces
27 | an integer vector of the same length as code{x} containing positions relativ to code{sort(unique(x), na.last=FALSE)}
| ^
Flavors: r-devel-linux-x86_64-debian-clang, r-devel-linux-x86_64-debian-gcc, r-devel-linux-x86_64-fedora-clang, r-devel-linux-x86_64-fedora-gcc, r-prerel-macos-arm64, r-prerel-windows-x86_64, r-patched-linux-x86_64