Last updated on 2023-12-03 22:57:01 CET.
Flavor | Version | Tinstall | Tcheck | Ttotal | Status | Flags |
---|---|---|---|---|---|---|
r-devel-linux-x86_64-debian-clang | 1.1.43 | 72.64 | 132.78 | 205.42 | WARN | |
r-devel-linux-x86_64-debian-gcc | 1.1.43 | 52.64 | 97.44 | 150.08 | WARN | |
r-devel-linux-x86_64-fedora-clang | 1.1.43 | 285.54 | WARN | |||
r-devel-linux-x86_64-fedora-gcc | 1.1.43 | 285.79 | WARN | |||
r-devel-windows-x86_64 | 1.1.43 | 58.00 | 128.00 | 186.00 | WARN | |
r-patched-linux-x86_64 | 1.1.43 | 44.37 | 130.03 | 174.40 | OK | |
r-release-linux-x86_64 | 1.1.43 | 48.55 | 126.70 | 175.25 | OK | |
r-release-macos-arm64 | 1.1.43 | 68.00 | NOTE | |||
r-release-macos-x86_64 | 1.1.43 | 173.00 | NOTE | |||
r-release-windows-x86_64 | 1.1.43 | 76.00 | 162.00 | 238.00 | OK | |
r-oldrel-macos-arm64 | 1.1.43 | 63.00 | NOTE | |||
r-oldrel-macos-x86_64 | 1.1.43 | 92.00 | NOTE | |||
r-oldrel-windows-x86_64 | 1.1.43 | 73.00 | 153.00 | 226.00 | OK |
Version: 1.1.43
Check: whether package can be installed
Result: WARN
Found the following significant warnings:
Krigmain.cpp:92:14: warning: format string is not a string literal (potentially insecure) [-Wformat-security]
Krigmain.cpp:173:16: warning: format string is not a string literal (potentially insecure) [-Wformat-security]
./smoothFriends.h:286:59: warning: format string is not a string literal (potentially insecure) [-Wformat-security]
./smoothFriends.h:287:27: warning: format string is not a string literal (potentially insecure) [-Wformat-security]
smooth.cpp:22:13: warning: format string is not a string literal (potentially insecure) [-Wformat-security]
smooth.cpp:33:13: warning: format string is not a string literal (potentially insecure) [-Wformat-security]
./smoothFriends.h:81:18: warning: format string is not a string literal (potentially insecure) [-Wformat-security]
./smoothFriends.h:87:18: warning: format string is not a string literal (potentially insecure) [-Wformat-security]
./smoothFriends.h:93:18: warning: format string is not a string literal (potentially insecure) [-Wformat-security]
See ‘/home/hornik/tmp/R.check/r-devel-clang/Work/PKGS/blackbox.Rcheck/00install.out’ for details.
* used C++ compiler: ‘Debian clang version 17.0.5 (1)’
Flavor: r-devel-linux-x86_64-debian-clang
Version: 1.1.43
Check: Rd files
Result: NOTE
checkRd: (-1) saveOldFile.Rd:19: Lost braces
19 | This function copies the file named \dQuote{\emph{first names}}{\emph{.ext}} under a name created by inserting a string of the form \code{.old_}\eqn{n} between \dQuote{\emph{first names}} and \emph{.ext}, where \eqn{n} is one more than the highest value for any file, matching the first names and extension, already in the current directory, and 0 if no file matches. For example, if \code{filename} is \code{my.beautiful.pdf}, it is copied as \code{my.beautiful.old_0.pdf} if no \code{my.beautiful.old_}\eqn{n}\code{.pdf} file exists, and is is copied as \code{my.beautiful.old_4.pdf} if \code{my.beautiful.old_3.pdf} (and any lower \eqn{n}) file exists.
| ^
Flavors: r-devel-linux-x86_64-debian-clang, r-devel-linux-x86_64-debian-gcc
Version: 1.1.43
Check: whether package can be installed
Result: WARN
Found the following significant warnings:
smoothFriends.h:164:18: warning: zero-length gnu_printf format string [-Wformat-zero-length]
See ‘/home/hornik/tmp/R.check/r-devel-gcc/Work/PKGS/blackbox.Rcheck/00install.out’ for details.
* used C++ compiler: ‘g++-13 (Debian 13.2.0-5) 13.2.0’
Flavor: r-devel-linux-x86_64-debian-gcc
Version: 1.1.43
Check: whether package can be installed
Result: WARN
Found the following significant warnings:
Krigmain.cpp:92:14: warning: format string is not a string literal (potentially insecure) [-Wformat-security]
Krigmain.cpp:173:16: warning: format string is not a string literal (potentially insecure) [-Wformat-security]
./smoothFriends.h:286:59: warning: format string is not a string literal (potentially insecure) [-Wformat-security]
./smoothFriends.h:287:27: warning: format string is not a string literal (potentially insecure) [-Wformat-security]
smooth.cpp:22:13: warning: format string is not a string literal (potentially insecure) [-Wformat-security]
smooth.cpp:33:13: warning: format string is not a string literal (potentially insecure) [-Wformat-security]
./smoothFriends.h:81:18: warning: format string is not a string literal (potentially insecure) [-Wformat-security]
./smoothFriends.h:87:18: warning: format string is not a string literal (potentially insecure) [-Wformat-security]
./smoothFriends.h:93:18: warning: format string is not a string literal (potentially insecure) [-Wformat-security]
See ‘/data/gannet/ripley/R/packages/tests-clang/blackbox.Rcheck/00install.out’ for details.
* used C++ compiler: ‘clang version 17.0.5’
Flavor: r-devel-linux-x86_64-fedora-clang
Version: 1.1.43
Check: whether package can be installed
Result: WARN
Found the following significant warnings:
smoothFriends.h:164:18: warning: zero-length gnu_printf format string [-Wformat-zero-length]
See ‘/data/gannet/ripley/R/packages/tests-devel/blackbox.Rcheck/00install.out’ for details.
* used C++ compiler: ‘g++-13 (GCC) 13.2.0’
Flavor: r-devel-linux-x86_64-fedora-gcc
Version: 1.1.43
Check: whether package can be installed
Result: WARN
Found the following significant warnings:
smoothFriends.h:164:18: warning: zero-length gnu_printf format string [-Wformat-zero-length]
See 'd:/Rcompile/CRANpkg/local/4.4/blackbox.Rcheck/00install.out' for details.
* used C++ compiler: 'g++.exe (GCC) 12.3.0'
Flavor: r-devel-windows-x86_64
Version: 1.1.43
Check: installed package size
Result: NOTE
installed size is 7.3Mb
sub-directories of 1Mb or more:
libs 6.7Mb
Flavors: r-release-macos-arm64, r-release-macos-x86_64, r-oldrel-macos-arm64, r-oldrel-macos-x86_64