CRAN Package Check Results for Package blackbox

Last updated on 2024-06-13 22:49:20 CEST.

Flavor Version Tinstall Tcheck Ttotal Status Flags
r-devel-linux-x86_64-debian-clang 1.1.46 81.29 132.06 213.35 OK
r-devel-linux-x86_64-debian-gcc 1.1.46 0.46 1.59 2.05 ERROR
r-devel-linux-x86_64-fedora-clang 1.1.46 239.01 OK
r-devel-linux-x86_64-fedora-gcc 1.1.46 281.56 OK
r-devel-windows-x86_64 1.1.46 63.00 123.00 186.00 OK
r-patched-linux-x86_64 1.1.46 50.85 127.25 178.10 OK
r-release-linux-x86_64 1.1.46 55.27 129.18 184.45 OK
r-release-macos-arm64 1.1.46 70.00 NOTE
r-release-macos-x86_64 1.1.46 119.00 NOTE
r-release-windows-x86_64 1.1.46 60.00 123.00 183.00 OK
r-oldrel-macos-arm64 1.1.46 69.00 NOTE
r-oldrel-macos-x86_64 1.1.46 135.00 NOTE
r-oldrel-windows-x86_64 1.1.46 81.00 154.00 235.00 OK

Check Details

Version: 1.1.46
Check: package dependencies
Result: ERROR Packages required but not available: 'spaMM', 'nloptr' Packages suggested but not available for checking: 'testthat', 'igraph' See section ‘The DESCRIPTION file’ in the ‘Writing R Extensions’ manual. Flavor: r-devel-linux-x86_64-debian-gcc

Version: 1.1.46
Check: installed package size
Result: NOTE installed size is 10.1Mb sub-directories of 1Mb or more: libs 9.5Mb Flavors: r-release-macos-arm64, r-release-macos-x86_64, r-oldrel-macos-arm64, r-oldrel-macos-x86_64