Last updated on 2024-03-27 22:57:40 CET.
Flavor | Version | Tinstall | Tcheck | Ttotal | Status | Flags |
---|---|---|---|---|---|---|
r-devel-linux-x86_64-debian-clang | 0.5-3 | 825.97 | 268.06 | 1094.03 | NOTE | |
r-devel-linux-x86_64-debian-gcc | 0.5-3 | 652.71 | 210.00 | 862.71 | NOTE | |
r-devel-linux-x86_64-fedora-clang | 0.5-3 | 1250.03 | NOTE | |||
r-devel-linux-x86_64-fedora-gcc | 0.5-3 | 1473.38 | NOTE | |||
r-devel-windows-x86_64 | 0.5-3 | 486.00 | 218.00 | 704.00 | NOTE | |
r-patched-linux-x86_64 | 0.5-3 | 474.15 | 275.23 | 749.38 | NOTE | |
r-release-linux-x86_64 | 0.5-3 | 512.30 | 281.80 | 794.10 | NOTE | |
r-release-macos-arm64 | 0.5-3 | 309.00 | NOTE | |||
r-release-macos-x86_64 | 0.5-3 | 605.00 | NOTE | |||
r-release-windows-x86_64 | 0.5-3 | 676.00 | 275.00 | 951.00 | NOTE | |
r-oldrel-macos-arm64 | 0.5-3 | 310.00 | NOTE | |||
r-oldrel-windows-x86_64 | 0.5-3 | 645.00 | 273.00 | 918.00 | NOTE |
Version: 0.5-3
Check: package dependencies
Result: NOTE
Package suggested but not available for checking: ‘cmdstanr’
Flavors: r-devel-linux-x86_64-debian-clang, r-devel-linux-x86_64-debian-gcc, r-devel-linux-x86_64-fedora-clang, r-devel-linux-x86_64-fedora-gcc, r-devel-windows-x86_64, r-patched-linux-x86_64, r-release-linux-x86_64, r-release-macos-arm64, r-release-macos-x86_64, r-release-windows-x86_64, r-oldrel-macos-arm64, r-oldrel-windows-x86_64
Version: 0.5-3
Check: for GNU extensions in Makefiles
Result: NOTE
GNU make is a SystemRequirements.
Flavors: r-devel-linux-x86_64-debian-clang, r-devel-linux-x86_64-debian-gcc, r-devel-linux-x86_64-fedora-clang, r-devel-linux-x86_64-fedora-gcc, r-devel-windows-x86_64, r-patched-linux-x86_64, r-release-linux-x86_64, r-release-macos-arm64, r-release-macos-x86_64, r-release-windows-x86_64, r-oldrel-macos-arm64, r-oldrel-windows-x86_64
Version: 0.5-3
Check: installed package size
Result: NOTE
installed size is 11.4Mb
sub-directories of 1Mb or more:
R 1.2Mb
libs 8.5Mb
testdata 1.4Mb
Flavors: r-devel-linux-x86_64-fedora-clang, r-devel-windows-x86_64, r-release-macos-arm64, r-release-macos-x86_64, r-release-windows-x86_64, r-oldrel-macos-arm64, r-oldrel-windows-x86_64