Last updated on 2021-04-12 22:50:56 CEST.
Flavor | Version | Tinstall | Tcheck | Ttotal | Status | Flags |
---|---|---|---|---|---|---|
r-devel-linux-x86_64-debian-clang | 2.1.1 | 11.73 | 174.13 | 185.86 | NOTE | |
r-devel-linux-x86_64-debian-gcc | 2.1.1 | 10.95 | 129.01 | 139.96 | NOTE | |
r-devel-linux-x86_64-fedora-clang | 2.1.1 | 222.33 | NOTE | |||
r-devel-linux-x86_64-fedora-gcc | 2.1.1 | 219.49 | NOTE | |||
r-devel-windows-ix86+x86_64 | 2.1.1 | 29.00 | 192.00 | 221.00 | NOTE | |
r-devel-windows-x86_64-gcc10-UCRT | 2.1.1 | NOTE | ||||
r-patched-linux-x86_64 | 2.1.1 | 11.20 | 159.54 | 170.74 | OK | |
r-patched-solaris-x86 | 2.1.1 | 352.90 | NOTE | |||
r-release-linux-x86_64 | 2.1.1 | 11.25 | 159.63 | 170.88 | OK | |
r-release-macos-x86_64 | 2.1.1 | OK | ||||
r-release-windows-ix86+x86_64 | 2.1.1 | 21.00 | 203.00 | 224.00 | OK | |
r-oldrel-macos-x86_64 | 2.1.1 | WARN | ||||
r-oldrel-windows-ix86+x86_64 | 2.1.1 | 25.00 | 145.00 | 170.00 | OK |
Version: 2.1.1
Check: LazyData
Result: NOTE
'LazyData' is specified without a 'data' directory
Flavors: r-devel-linux-x86_64-debian-clang, r-devel-linux-x86_64-debian-gcc, r-devel-linux-x86_64-fedora-clang, r-devel-linux-x86_64-fedora-gcc, r-devel-windows-ix86+x86_64, r-devel-windows-x86_64-gcc10-UCRT
Version: 2.1.1
Check: Rd cross-references
Result: NOTE
Undeclared packages ‘biomod2’, ‘gstat’ in Rd xrefs
Flavor: r-devel-linux-x86_64-fedora-clang
Version: 2.1.1
Check: installed package size
Result: NOTE
installed size is 5.2Mb
sub-directories of 1Mb or more:
extdata 4.0Mb
Flavor: r-patched-solaris-x86
Version: 2.1.1
Check: for executable files
Result: WARN
Found the following executable file:
inst/extdata/awt.gri
Source packages should not contain undeclared executable files.
See section ‘Package structure’ in the ‘Writing R Extensions’ manual.
Flavor: r-oldrel-macos-x86_64