Last updated on 2024-04-19 22:55:40 CEST.
Flavor | Version | Tinstall | Tcheck | Ttotal | Status | Flags |
---|---|---|---|---|---|---|
r-devel-linux-x86_64-debian-clang | 4.5.5 | 487.91 | 63.91 | 551.82 | NOTE | |
r-devel-linux-x86_64-debian-gcc | 4.5.5 | NOTE | ||||
r-devel-linux-x86_64-fedora-clang | 4.5.5 | 794.94 | NOTE | |||
r-devel-linux-x86_64-fedora-gcc | 4.5.5 | 919.00 | NOTE | |||
r-prerel-macos-arm64 | 4.5.5 | 161.00 | NOTE | |||
r-prerel-macos-x86_64 | 4.5.5 | 183.00 | NOTE | |||
r-prerel-windows-x86_64 | 4.5.5 | 356.00 | 130.00 | 486.00 | NOTE | |
r-patched-linux-x86_64 | 4.5.5 | 524.54 | 61.63 | 586.17 | NOTE | |
r-release-linux-x86_64 | 4.5.5 | 543.59 | 64.21 | 607.80 | NOTE | |
r-release-macos-arm64 | 4.5.5 | 168.00 | NOTE | |||
r-release-macos-x86_64 | 4.5.5 | 177.00 | NOTE | |||
r-release-windows-x86_64 | 4.5.5 | 455.00 | 142.00 | 597.00 | NOTE | |
r-oldrel-macos-arm64 | 4.5.5 | 157.00 | NOTE | |||
r-oldrel-windows-x86_64 | 4.5.5 | 417.00 | 135.00 | 552.00 | NOTE |
Version: 4.5.5
Check: for GNU extensions in Makefiles
Result: NOTE
GNU make is a SystemRequirements.
Flavors: r-devel-linux-x86_64-debian-clang, r-devel-linux-x86_64-debian-gcc, r-devel-linux-x86_64-fedora-clang, r-devel-linux-x86_64-fedora-gcc, r-prerel-macos-arm64, r-prerel-macos-x86_64, r-prerel-windows-x86_64, r-patched-linux-x86_64, r-release-linux-x86_64, r-release-macos-arm64, r-release-macos-x86_64, r-release-windows-x86_64, r-oldrel-macos-arm64, r-oldrel-windows-x86_64
Version: 4.5.5
Check: installed package size
Result: NOTE
installed size is 33.9Mb
sub-directories of 1Mb or more:
libs 32.6Mb
Flavors: r-prerel-macos-arm64, r-prerel-macos-x86_64, r-release-macos-arm64, r-release-macos-x86_64, r-oldrel-macos-arm64