Last updated on 2023-09-28 23:08:40 CEST.
Flavor | Version | Tinstall | Tcheck | Ttotal | Status | Flags |
---|---|---|---|---|---|---|
r-devel-linux-x86_64-debian-clang | 0.1.5 | 2.72 | 162.62 | 165.34 | OK | |
r-devel-linux-x86_64-debian-gcc | 0.1.5 | 2.08 | 101.13 | 103.21 | OK | |
r-devel-linux-x86_64-fedora-clang | 0.1.5 | 206.47 | NOTE | |||
r-devel-linux-x86_64-fedora-gcc | 0.1.5 | 217.96 | OK | |||
r-devel-windows-x86_64 | 0.1.5 | 4.00 | 101.00 | 105.00 | OK | |
r-patched-linux-x86_64 | 0.1.5 | 3.00 | 171.19 | 174.19 | OK | |
r-release-linux-x86_64 | 0.1.5 | 2.73 | 169.42 | 172.15 | OK | |
r-release-macos-arm64 | 0.1.5 | 56.00 | OK | |||
r-release-macos-x86_64 | 0.1.5 | 94.00 | OK | |||
r-release-windows-x86_64 | 0.1.5 | 5.00 | 156.00 | 161.00 | OK | |
r-oldrel-macos-arm64 | 0.1.5 | 43.00 | OK | |||
r-oldrel-macos-x86_64 | 0.1.5 | 61.00 | OK | |||
r-oldrel-windows-x86_64 | 0.1.5 | 5.00 | 150.00 | 155.00 | OK |
Version: 0.1.5
Check: Rd cross-references
Result: NOTE
Undeclared package ‘np’ in Rd xrefs
Flavor: r-devel-linux-x86_64-fedora-clang