Last updated on 2024-03-27 22:57:40 CET.
Flavor | Version | Tinstall | Tcheck | Ttotal | Status | Flags |
---|---|---|---|---|---|---|
r-devel-linux-x86_64-debian-clang | 0.1.5 | 2.05 | 170.44 | 172.49 | OK | |
r-devel-linux-x86_64-debian-gcc | 0.1.5 | 2.01 | 106.62 | 108.63 | OK | |
r-devel-linux-x86_64-fedora-clang | 0.1.5 | 188.01 | NOTE | |||
r-devel-linux-x86_64-fedora-gcc | 0.1.5 | 191.57 | OK | |||
r-devel-windows-x86_64 | 0.1.5 | 3.00 | 100.00 | 103.00 | OK | |
r-patched-linux-x86_64 | 0.1.5 | 2.49 | 174.57 | 177.06 | OK | |
r-release-linux-x86_64 | 0.1.5 | 2.60 | 177.78 | 180.38 | OK | |
r-release-macos-arm64 | 0.1.5 | 56.00 | OK | |||
r-release-macos-x86_64 | 0.1.5 | 94.00 | OK | |||
r-release-windows-x86_64 | 0.1.5 | 4.00 | 150.00 | 154.00 | OK | |
r-oldrel-macos-arm64 | 0.1.5 | 43.00 | OK | |||
r-oldrel-windows-x86_64 | 0.1.5 | 4.00 | 152.00 | 156.00 | OK |
Version: 0.1.5
Check: Rd cross-references
Result: NOTE
Undeclared package ‘np’ in Rd xrefs
Flavor: r-devel-linux-x86_64-fedora-clang