Last updated on 2025-01-19 22:49:07 CET.
Flavor | Version | Tinstall | Tcheck | Ttotal | Status | Flags |
---|---|---|---|---|---|---|
r-devel-linux-x86_64-debian-clang | 1.1.5 | 69.62 | 50.41 | 120.03 | OK | |
r-devel-linux-x86_64-debian-gcc | 1.1.5 | 49.11 | 36.79 | 85.90 | OK | |
r-devel-linux-x86_64-fedora-clang | 1.1.5 | 209.18 | OK | |||
r-devel-linux-x86_64-fedora-gcc | 1.1.5 | 227.98 | OK | |||
r-devel-windows-x86_64 | 1.1.5 | 64.00 | 85.00 | 149.00 | OK | |
r-patched-linux-x86_64 | 1.1.5 | 68.28 | 47.14 | 115.42 | OK | |
r-release-linux-x86_64 | 1.1.5 | 70.04 | 47.50 | 117.54 | OK | |
r-release-macos-arm64 | 1.1.5 | 57.00 | NOTE | |||
r-release-macos-x86_64 | 1.1.5 | 84.00 | NOTE | |||
r-release-windows-x86_64 | 1.1.5 | 67.00 | 88.00 | 155.00 | OK | |
r-oldrel-macos-arm64 | 1.1.5 | 65.00 | NOTE | |||
r-oldrel-macos-x86_64 | 1.1.5 | 110.00 | NOTE | |||
r-oldrel-windows-x86_64 | 1.1.5 | 76.00 | 102.00 | 178.00 | OK |
Version: 1.1.5
Check: installed package size
Result: NOTE
installed size is 13.5Mb
sub-directories of 1Mb or more:
libs 13.0Mb
Flavors: r-release-macos-arm64, r-release-macos-x86_64, r-oldrel-macos-arm64, r-oldrel-macos-x86_64