CRAN Package Check Results for Package blockrand

Last updated on 2018-12-11 21:48:40 CET.

Flavor Version Tinstall Tcheck Ttotal Status Flags
r-devel-linux-x86_64-debian-clang 1.3 1.03 17.46 18.49 NOTE
r-devel-linux-x86_64-debian-gcc 1.3 0.90 14.32 15.22 NOTE
r-devel-linux-x86_64-fedora-clang 1.3 21.91 NOTE
r-devel-linux-x86_64-fedora-gcc 1.3 20.48 NOTE
r-devel-windows-ix86+x86_64 1.3 4.00 26.00 30.00 NOTE
r-patched-linux-x86_64 1.3 0.82 16.05 16.87 NOTE
r-patched-solaris-x86 1.3 32.60 NOTE
r-release-linux-x86_64 1.3 0.71 16.27 16.98 NOTE
r-release-windows-ix86+x86_64 1.3 4.00 24.00 28.00 NOTE
r-release-osx-x86_64 1.3 NOTE
r-oldrel-windows-ix86+x86_64 1.3 2.00 25.00 27.00 NOTE
r-oldrel-osx-x86_64 1.3 NOTE

Check Details

Version: 1.3
Check: R code for possible problems
Result: NOTE
    plotblockrand: no visible global function definition for ‘pdf’
    plotblockrand: no visible global function definition for ‘dev.off’
    plotblockrand: no visible global function definition for ‘par’
    plotblockrand: no visible global function definition for ‘plot.new’
    plotblockrand: no visible global function definition for ‘strheight’
    plotblockrand: no visible global function definition for ‘strwidth’
    plotblockrand: no visible global function definition for ‘text’
    plotblockrand: no visible global function definition for ‘lines’
    Undefined global functions or variables:
     dev.off lines par pdf plot.new strheight strwidth text
    Consider adding
     importFrom("grDevices", "dev.off", "pdf")
     importFrom("graphics", "lines", "par", "plot.new", "strheight",
     "strwidth", "text")
    to your NAMESPACE file.
Flavors: r-devel-linux-x86_64-debian-clang, r-devel-linux-x86_64-debian-gcc, r-devel-linux-x86_64-fedora-clang, r-devel-linux-x86_64-fedora-gcc, r-devel-windows-ix86+x86_64, r-patched-linux-x86_64, r-patched-solaris-x86, r-release-linux-x86_64, r-release-windows-ix86+x86_64, r-release-osx-x86_64, r-oldrel-windows-ix86+x86_64, r-oldrel-osx-x86_64