CRAN Package Check Results for Package blorr

Last updated on 2024-06-13 22:49:20 CEST.

Flavor Version Tinstall Tcheck Ttotal Status Flags
r-devel-linux-x86_64-debian-clang 0.3.0 33.68 166.65 200.33 OK
r-devel-linux-x86_64-debian-gcc 0.3.0 0.42 1.89 2.31 ERROR
r-devel-linux-x86_64-fedora-clang 0.3.0 259.04 OK
r-devel-linux-x86_64-fedora-gcc 0.3.0 260.26 OK
r-devel-windows-x86_64 0.3.0 27.00 176.00 203.00 OK
r-patched-linux-x86_64 0.3.0 28.95 161.13 190.08 OK
r-release-linux-x86_64 0.3.0 24.71 163.06 187.77 OK
r-release-macos-arm64 0.3.0 78.00 OK
r-release-macos-x86_64 0.3.0 116.00 OK
r-release-windows-x86_64 0.3.0 26.00 178.00 204.00 OK
r-oldrel-macos-arm64 0.3.0 79.00 OK
r-oldrel-macos-x86_64 0.3.0 135.00 OK
r-oldrel-windows-x86_64 0.3.0 32.00 227.00 259.00 OK

Check Details

Version: 0.3.0
Check: package dependencies
Result: ERROR Packages required but not available: 'car', 'ggplot2' Packages suggested but not available for checking: 'testthat', 'vdiffr' See section ‘The DESCRIPTION file’ in the ‘Writing R Extensions’ manual. Flavor: r-devel-linux-x86_64-debian-gcc