CRAN Package Check Results for Package bmabasket

Last updated on 2023-12-02 21:39:48 CET.

Flavor Version Tinstall Tcheck Ttotal Status Flags
r-devel-linux-x86_64-debian-clang 0.1.2 49.71 31.01 80.72 NOTE
r-devel-linux-x86_64-debian-gcc 0.1.2 36.52 23.96 60.48 NOTE
r-devel-linux-x86_64-fedora-clang 0.1.2 124.50 NOTE
r-devel-linux-x86_64-fedora-gcc 0.1.2 120.39 NOTE
r-devel-windows-x86_64 0.1.2 42.00 65.00 107.00 NOTE
r-patched-linux-x86_64 0.1.2 43.36 31.49 74.85 NOTE
r-release-linux-x86_64 0.1.2 41.91 31.17 73.08 NOTE
r-release-macos-arm64 0.1.2 32.00 NOTE
r-release-macos-x86_64 0.1.2 54.00 NOTE
r-release-windows-x86_64 0.1.2 50.00 76.00 126.00 NOTE
r-oldrel-macos-arm64 0.1.2 35.00 OK
r-oldrel-macos-x86_64 0.1.2 40.00 OK
r-oldrel-windows-x86_64 0.1.2 49.00 73.00 122.00 OK

Check Details

Version: 0.1.2
Check: C++ specification
Result: NOTE Specified C++11: please drop specification unless essential Flavors: r-devel-linux-x86_64-debian-clang, r-devel-linux-x86_64-debian-gcc, r-devel-linux-x86_64-fedora-clang, r-devel-linux-x86_64-fedora-gcc, r-devel-windows-x86_64, r-patched-linux-x86_64, r-release-linux-x86_64, r-release-macos-arm64, r-release-macos-x86_64, r-release-windows-x86_64