CRAN Package Check Results for Package bmstdr

Last updated on 2022-11-30 21:53:44 CET.

Flavor Version Tinstall Tcheck Ttotal Status Flags
r-devel-linux-x86_64-debian-clang 0.3.0 485.99 492.23 978.22 NOTE
r-devel-linux-x86_64-debian-gcc 0.3.0 388.36 390.90 779.26 NOTE
r-devel-linux-x86_64-fedora-clang 0.3.0 1291.39 NOTE
r-devel-linux-x86_64-fedora-gcc 0.3.0 1476.54 NOTE
r-devel-windows-x86_64 0.3.0 341.00 607.00 948.00 NOTE
r-patched-linux-x86_64 0.3.0 349.12 483.40 832.52 NOTE
r-release-linux-x86_64 0.3.0 350.49 489.04 839.53 NOTE
r-release-macos-arm64 0.3.0 370.00 NOTE
r-release-macos-x86_64 0.3.0 521.00 NOTE
r-release-windows-x86_64 0.3.0 334.00 595.00 929.00 NOTE
r-oldrel-macos-arm64 0.3.0 345.00 NOTE
r-oldrel-macos-x86_64 0.3.0 509.00 NOTE
r-oldrel-windows-ix86+x86_64 0.3.0 725.00 706.00 1431.00 NOTE

Check Details

Version: 0.3.0
Check: package dependencies
Result: NOTE
    Package suggested but not available for checking: 'INLA'
Flavors: r-devel-linux-x86_64-debian-clang, r-devel-linux-x86_64-debian-gcc, r-devel-windows-x86_64, r-patched-linux-x86_64, r-release-linux-x86_64, r-release-macos-arm64, r-release-macos-x86_64, r-release-windows-x86_64, r-oldrel-macos-arm64, r-oldrel-macos-x86_64

Version: 0.3.0
Check: for GNU extensions in Makefiles
Result: NOTE
    GNU make is a SystemRequirements.
Flavors: r-devel-linux-x86_64-debian-clang, r-devel-linux-x86_64-debian-gcc, r-devel-linux-x86_64-fedora-clang, r-devel-linux-x86_64-fedora-gcc, r-devel-windows-x86_64, r-patched-linux-x86_64, r-release-linux-x86_64, r-release-macos-arm64, r-release-macos-x86_64, r-release-windows-x86_64, r-oldrel-macos-arm64, r-oldrel-macos-x86_64, r-oldrel-windows-ix86+x86_64

Version: 0.3.0
Check: installed package size
Result: NOTE
     installed size is 12.7Mb
     sub-directories of 1Mb or more:
     doc 4.6Mb
     libs 5.4Mb
Flavors: r-devel-linux-x86_64-fedora-clang, r-devel-windows-x86_64, r-release-macos-arm64, r-release-macos-x86_64, r-release-windows-x86_64, r-oldrel-macos-arm64, r-oldrel-macos-x86_64, r-oldrel-windows-ix86+x86_64