CRAN Package Check Results for Package bnclassify

Last updated on 2021-04-15 22:51:02 CEST.

Flavor Version Tinstall Tcheck Ttotal Status Flags
r-devel-linux-x86_64-debian-clang 0.4.5 137.41 116.28 253.69 OK
r-devel-linux-x86_64-debian-gcc 0.4.5 74.80 80.33 155.13 OK
r-devel-linux-x86_64-fedora-clang 0.4.5 315.62 NOTE
r-devel-linux-x86_64-fedora-gcc 0.4.5 274.72 OK
r-devel-windows-ix86+x86_64 0.4.5 245.00 226.00 471.00 OK
r-devel-windows-x86_64-gcc10-UCRT 0.4.5 WARN
r-patched-linux-x86_64 0.4.5 104.27 109.74 214.01 OK
r-patched-solaris-x86 0.4.5 233.60 OK
r-release-linux-x86_64 0.4.5 102.77 108.65 211.42 OK
r-release-macos-x86_64 0.4.5 NOTE
r-release-windows-ix86+x86_64 0.4.5 204.00 233.00 437.00 OK
r-oldrel-macos-x86_64 0.4.5 NOTE
r-oldrel-windows-ix86+x86_64 0.4.5 235.00 153.00 388.00 OK

Check Details

Version: 0.4.5
Check: installed package size
Result: NOTE
     installed size is 7.9Mb
     sub-directories of 1Mb or more:
     libs 7.1Mb
Flavors: r-devel-linux-x86_64-fedora-clang, r-release-macos-x86_64, r-oldrel-macos-x86_64

Version: 0.4.5
Check: package dependencies
Result: NOTE
    Packages suggested but not available for checking:
     'gRain', 'gRbase', 'Rgraphviz'
Flavor: r-devel-windows-x86_64-gcc10-UCRT

Version: 0.4.5
Check: Rd cross-references
Result: NOTE
    Package unavailable to check Rd xrefs: 'gRain'
Flavor: r-devel-windows-x86_64-gcc10-UCRT

Version: 0.4.5
Check: re-building of vignette outputs
Result: WARN
    Error(s) in re-building vignettes:
     ...
    --- re-building 'methods.Rmd' using rmarkdown
    --- finished re-building 'methods.Rmd'
    
    --- re-building 'overview.Rmd' using rmarkdown
    --- finished re-building 'overview.Rmd'
    
    --- re-building 'usage.rmd' using rmarkdown
    Quitting from lines 121-122 (usage.rmd)
    Error: processing vignette 'usage.rmd' failed with diagnostics:
    Package Rgraphviz needed
    --- failed re-building 'usage.rmd'
    
    SUMMARY: processing the following file failed:
     'usage.rmd'
    
    Error: Vignette re-building failed.
    Execution halted
Flavor: r-devel-windows-x86_64-gcc10-UCRT