CRAN Package Check Results for Package bnlearn

Last updated on 2018-09-17 22:50:53 CEST.

Flavor Version Tinstall Tcheck Ttotal Status Flags
r-devel-linux-x86_64-debian-clang 4.3 34.71 79.86 114.57 WARN
r-devel-linux-x86_64-debian-gcc 4.3 26.78 62.27 89.05 OK
r-devel-linux-x86_64-fedora-clang 4.3 144.99 WARN
r-devel-linux-x86_64-fedora-gcc 4.3 143.09 OK
r-devel-windows-ix86+x86_64 4.3 145.00 170.00 315.00 OK
r-patched-linux-x86_64 4.3 31.74 75.62 107.36 OK
r-patched-solaris-x86 4.3 174.50 OK
r-release-linux-x86_64 4.3 30.89 76.84 107.73 OK
r-release-windows-ix86+x86_64 4.3 110.00 93.00 203.00 OK
r-release-osx-x86_64 4.3 WARN
r-oldrel-windows-ix86+x86_64 4.3 110.00 104.00 214.00 OK
r-oldrel-osx-x86_64 4.3 OK

Additional issues

rchk

Check Details

Version: 4.3
Check: whether package can be installed
Result: WARN
    Found the following significant warnings:
     conditional.least.squares.c:232:20: warning: absolute value function 'fabs' given an argument of type 'long double' but has parameter of type 'double' which may cause truncation of value [-Wabsolute-value]
     conditional.least.squares.c:233:20: warning: absolute value function 'fabs' given an argument of type 'long double' but has parameter of type 'double' which may cause truncation of value [-Wabsolute-value]
     conditional.least.squares.c:234:20: warning: absolute value function 'fabs' given an argument of type 'long double' but has parameter of type 'double' which may cause truncation of value [-Wabsolute-value]
Flavors: r-devel-linux-x86_64-debian-clang, r-devel-linux-x86_64-fedora-clang, r-release-osx-x86_64