CRAN Package Check Results for Package bootCT

Last updated on 2023-02-06 21:54:40 CET.

Flavor Version Tinstall Tcheck Ttotal Status Flags
r-devel-linux-x86_64-debian-clang 1.1.1 39.61 57.60 97.21 NOTE
r-devel-linux-x86_64-debian-gcc 1.1.1 30.73 42.52 73.25 NOTE
r-devel-linux-x86_64-fedora-clang 1.1.1 135.08 NOTE
r-devel-linux-x86_64-fedora-gcc 1.1.1 120.58 NOTE
r-devel-windows-x86_64 1.1.1 42.00 107.00 149.00 NOTE
r-patched-linux-x86_64 1.1.1 30.42 55.08 85.50 OK
r-release-linux-x86_64 1.1.1 32.44 56.29 88.73 OK
r-release-macos-arm64 1.1.1 39.00 NOTE
r-release-macos-x86_64 1.1.1 48.00 NOTE
r-release-windows-x86_64 1.1.1 39.00 114.00 153.00 OK
r-oldrel-macos-arm64 1.1.1 43.00 NOTE
r-oldrel-macos-x86_64 1.1.1 51.00 NOTE
r-oldrel-windows-ix86+x86_64 1.1.1 95.00 125.00 220.00 OK

Check Details

Version: 1.1.1
Check: C++ specification
Result: NOTE
     Specified C++11: please update to current default of C++17
Flavors: r-devel-linux-x86_64-debian-clang, r-devel-linux-x86_64-debian-gcc, r-devel-linux-x86_64-fedora-clang, r-devel-linux-x86_64-fedora-gcc, r-devel-windows-x86_64

Version: 1.1.1
Check: dependencies in R code
Result: NOTE
    Namespace in Imports field not imported from: ‘usethis’
     All declared Imports should be used.
Flavors: r-devel-linux-x86_64-fedora-clang, r-devel-linux-x86_64-fedora-gcc, r-release-macos-arm64, r-release-macos-x86_64, r-oldrel-macos-arm64, r-oldrel-macos-x86_64