Last updated on 2023-06-09 22:58:22 CEST.
Flavor | Version | Tinstall | Tcheck | Ttotal | Status | Flags |
---|---|---|---|---|---|---|
r-devel-linux-x86_64-debian-clang | 0.3.2 | 13.08 | 107.52 | 120.60 | OK | |
r-devel-linux-x86_64-debian-gcc | 0.3.2 | 9.27 | 80.97 | 90.24 | OK | |
r-devel-linux-x86_64-fedora-clang | 0.3.2 | 153.66 | NOTE | |||
r-devel-linux-x86_64-fedora-gcc | 0.3.2 | 142.99 | NOTE | |||
r-devel-windows-x86_64 | 0.3.2 | 10.00 | 94.00 | 104.00 | OK | |
r-patched-linux-x86_64 | 0.3.2 | 10.96 | 99.97 | 110.93 | OK | |
r-release-linux-x86_64 | 0.3.2 | 10.30 | 100.50 | 110.80 | OK | |
r-release-macos-arm64 | 0.3.2 | 42.00 | OK | |||
r-release-macos-x86_64 | 0.3.2 | 71.00 | OK | |||
r-release-windows-x86_64 | 0.3.2 | 16.00 | 113.00 | 129.00 | OK | |
r-oldrel-macos-arm64 | 0.3.2 | 45.00 | NOTE | |||
r-oldrel-macos-x86_64 | 0.3.2 | 76.00 | NOTE | |||
r-oldrel-windows-x86_64 | 0.3.2 | 16.00 | 114.00 | 130.00 | OK |
Version: 0.3.2
Check: dependencies in R code
Result: NOTE
Namespace in Imports field not imported from: ‘sna’
All declared Imports should be used.
Flavors: r-devel-linux-x86_64-fedora-clang, r-devel-linux-x86_64-fedora-gcc, r-oldrel-macos-arm64, r-oldrel-macos-x86_64