CRAN Package Check Results for Package bootstrapFP

Last updated on 2023-06-04 22:59:54 CEST.

Flavor Version Tinstall Tcheck Ttotal Status Flags
r-devel-linux-x86_64-debian-clang 0.4.4 2.40 24.79 27.19 NOTE
r-devel-linux-x86_64-debian-gcc 0.4.4 2.40 21.15 23.55 NOTE
r-devel-linux-x86_64-fedora-clang 0.4.4 35.43 NOTE
r-devel-linux-x86_64-fedora-gcc 0.4.4 33.88 NOTE
r-devel-windows-x86_64 0.4.4 5.00 43.00 48.00 NOTE
r-patched-linux-x86_64 0.4.4 2.42 24.12 26.54 NOTE
r-release-linux-x86_64 0.4.4 2.86 24.40 27.26 NOTE
r-release-macos-arm64 0.4.4 16.00 NOTE
r-release-macos-x86_64 0.4.4 21.00 NOTE
r-release-windows-x86_64 0.4.4 4.00 42.00 46.00 NOTE
r-oldrel-macos-arm64 0.4.4 18.00 NOTE
r-oldrel-macos-x86_64 0.4.4 25.00 NOTE
r-oldrel-windows-x86_64 0.4.4 5.00 47.00 52.00 NOTE

Check Details

Version: 0.4.4
Check: LazyData
Result: NOTE
     'LazyData' is specified without a 'data' directory
Flavors: r-devel-linux-x86_64-debian-clang, r-devel-linux-x86_64-debian-gcc, r-devel-linux-x86_64-fedora-clang, r-devel-linux-x86_64-fedora-gcc, r-devel-windows-x86_64, r-patched-linux-x86_64, r-release-linux-x86_64, r-release-macos-arm64, r-release-macos-x86_64, r-release-windows-x86_64, r-oldrel-macos-arm64, r-oldrel-macos-x86_64, r-oldrel-windows-x86_64