Last updated on 2023-11-27 23:11:31 CET.
Flavor | Version | Tinstall | Tcheck | Ttotal | Status | Flags |
---|---|---|---|---|---|---|
r-devel-linux-x86_64-debian-clang | 1.0.9 | 113.88 | 82.82 | 196.70 | NOTE | |
r-devel-linux-x86_64-debian-gcc | 1.0.9 | 89.46 | 63.26 | 152.72 | NOTE | |
r-devel-linux-x86_64-fedora-clang | 1.0.9 | 282.11 | NOTE | |||
r-devel-linux-x86_64-fedora-gcc | 1.0.9 | 297.02 | NOTE | |||
r-devel-windows-x86_64 | 1.0.9 | 84.00 | 113.00 | 197.00 | NOTE | |
r-patched-linux-x86_64 | 1.0.9 | 72.16 | 77.26 | 149.42 | NOTE | |
r-release-linux-x86_64 | 1.0.9 | 68.52 | 76.19 | 144.71 | NOTE | |
r-release-macos-arm64 | 1.0.9 | 70.00 | NOTE | |||
r-release-macos-x86_64 | 1.0.9 | 111.00 | NOTE | |||
r-release-windows-x86_64 | 1.0.9 | 120.00 | 129.00 | 249.00 | NOTE | |
r-oldrel-macos-arm64 | 1.0.9 | 61.00 | NOTE | |||
r-oldrel-macos-x86_64 | 1.0.9 | 85.00 | NOTE | |||
r-oldrel-windows-x86_64 | 1.0.9 | 110.00 | 115.00 | 225.00 | OK |
Version: 1.0.9
Check: C++ specification
Result: NOTE
Specified C++11: please drop specification unless essential
Flavors: r-devel-linux-x86_64-debian-clang, r-devel-linux-x86_64-debian-gcc, r-devel-linux-x86_64-fedora-clang, r-devel-linux-x86_64-fedora-gcc, r-devel-windows-x86_64, r-patched-linux-x86_64, r-release-linux-x86_64, r-release-macos-arm64, r-release-macos-x86_64, r-release-windows-x86_64
Version: 1.0.9
Check: installed package size
Result: NOTE
installed size is 5.8Mb
sub-directories of 1Mb or more:
libs 5.6Mb
Flavors: r-release-macos-arm64, r-release-macos-x86_64, r-oldrel-macos-arm64, r-oldrel-macos-x86_64