Last updated on 2024-03-28 23:01:40 CET.
Flavor | Version | Tinstall | Tcheck | Ttotal | Status | Flags |
---|---|---|---|---|---|---|
r-devel-linux-x86_64-debian-clang | 2.0.3 | 88.89 | 76.56 | 165.45 | OK | |
r-devel-linux-x86_64-debian-gcc | 2.0.3 | 73.75 | 58.16 | 131.91 | OK | |
r-devel-linux-x86_64-fedora-clang | 2.0.3 | 257.53 | OK | |||
r-devel-linux-x86_64-fedora-gcc | 2.0.3 | 260.86 | OK | |||
r-devel-windows-x86_64 | 2.0.3 | 72.00 | 108.00 | 180.00 | OK | |
r-patched-linux-x86_64 | 2.0.3 | 67.05 | 74.88 | 141.93 | OK | |
r-release-linux-x86_64 | 2.0.3 | 63.41 | 73.81 | 137.22 | OK | |
r-release-macos-arm64 | 2.0.3 | 66.00 | OK | |||
r-release-macos-x86_64 | 2.0.3 | 93.00 | NOTE | |||
r-release-windows-x86_64 | 2.0.3 | 91.00 | 124.00 | 215.00 | OK | |
r-oldrel-macos-arm64 | 2.0.3 | 52.00 | OK | |||
r-oldrel-windows-x86_64 | 2.0.3 | 88.00 | 112.00 | 200.00 | OK |
Version: 2.0.3
Check: installed package size
Result: NOTE
installed size is 5.1Mb
sub-directories of 1Mb or more:
libs 4.6Mb
Flavor: r-release-macos-x86_64