CRAN Package Check Results for Package bqtl

Last updated on 2018-09-23 22:46:50 CEST.

Flavor Version Tinstall Tcheck Ttotal Status Flags
r-devel-linux-x86_64-debian-clang 1.0-32 10.93 35.23 46.16 OK
r-devel-linux-x86_64-debian-gcc 1.0-32 6.96 27.65 34.61 OK
r-devel-linux-x86_64-fedora-clang 1.0-32 53.65 NOTE
r-devel-linux-x86_64-fedora-gcc 1.0-32 50.25 NOTE
r-devel-windows-ix86+x86_64 1.0-32 25.00 52.00 77.00 OK
r-patched-linux-x86_64 1.0-32 7.86 33.41 41.27 OK
r-patched-solaris-x86 1.0-32 68.30 OK
r-release-linux-x86_64 1.0-32 8.01 33.35 41.36 OK
r-release-windows-ix86+x86_64 1.0-32 42.00 51.00 93.00 OK
r-release-osx-x86_64 1.0-32 OK
r-oldrel-windows-ix86+x86_64 1.0-32 23.00 51.00 74.00 OK
r-oldrel-osx-x86_64 1.0-32 OK

Check Details

Version: 1.0-32
Check: compiled code
Result: NOTE
    File ‘bqtl/libs/bqtl.so’:
     Found no calls to: ‘R_registerRoutines’, ‘R_useDynamicSymbols’
    
    It is good practice to register native routines and to disable symbol
    search.
    
    See ‘Writing portable packages’ in the ‘Writing R Extensions’ manual.
Flavors: r-devel-linux-x86_64-fedora-clang, r-devel-linux-x86_64-fedora-gcc