CRAN Package Check Results for Package bqtl

Last updated on 2018-02-23 22:47:48 CET.

Flavor Version Tinstall Tcheck Ttotal Status Flags
r-devel-linux-x86_64-debian-clang 1.0-32 10.58 33.62 44.20 NOTE
r-devel-linux-x86_64-debian-gcc 1.0-32 8.25 27.25 35.50 NOTE
r-devel-linux-x86_64-fedora-clang 1.0-32 51.19 NOTE
r-devel-linux-x86_64-fedora-gcc 1.0-32 48.76 NOTE
r-devel-windows-ix86+x86_64 1.0-32 38.00 69.00 107.00 OK
r-patched-linux-x86_64 1.0-32 6.25 36.09 42.34 NOTE
r-patched-solaris-x86 1.0-32 64.50 OK
r-release-linux-x86_64 1.0-32 5.98 35.49 41.47 NOTE
r-release-windows-ix86+x86_64 1.0-32 23.00 51.00 74.00 OK
r-release-osx-x86_64 1.0-32 OK
r-oldrel-windows-ix86+x86_64 1.0-32 18.00 47.00 65.00 OK
r-oldrel-osx-x86_64 1.0-32 OK

Check Details

Version: 1.0-32
Check: compiled code
Result: NOTE
    File ‘bqtl/libs/bqtl.so’:
     Found no calls to: ‘R_registerRoutines’, ‘R_useDynamicSymbols’
    
    It is good practice to register native routines and to disable symbol
    search.
    
    See ‘Writing portable packages’ in the ‘Writing R Extensions’ manual.
Flavors: r-devel-linux-x86_64-debian-clang, r-devel-linux-x86_64-debian-gcc, r-devel-linux-x86_64-fedora-clang, r-devel-linux-x86_64-fedora-gcc, r-patched-linux-x86_64, r-release-linux-x86_64