CRAN Package Check Results for Package bqtl

Last updated on 2017-11-21 22:47:45 CET.

Flavor Version Tinstall Tcheck Ttotal Status Flags
r-devel-linux-x86_64-debian-clang 1.0-32 4.51 22.18 26.69 NOTE
r-devel-linux-x86_64-debian-gcc 1.0-32 6.01 52.99 59.00 NOTE
r-devel-linux-x86_64-fedora-clang 1.0-32 45.36 NOTE
r-devel-linux-x86_64-fedora-gcc 1.0-32 46.39 NOTE
r-devel-windows-ix86+x86_64 1.0-32 34.00 52.00 86.00 OK
r-patched-linux-x86_64 1.0-32 4.56 23.12 27.68 NOTE
r-patched-solaris-x86 1.0-32 64.90 OK
r-release-linux-x86_64 1.0-32 4.42 23.00 27.42 NOTE
r-release-windows-ix86+x86_64 1.0-32 23.00 51.00 74.00 OK
r-release-osx-x86_64 1.0-32 OK
r-oldrel-windows-ix86+x86_64 1.0-32 18.00 47.00 65.00 OK
r-oldrel-osx-x86_64 1.0-32 OK

Check Details

Version: 1.0-32
Check: compiled code
Result: NOTE
    File ‘bqtl/libs/bqtl.so’:
     Found no calls to: ‘R_registerRoutines’, ‘R_useDynamicSymbols’
    
    It is good practice to register native routines and to disable symbol
    search.
    
    See ‘Writing portable packages’ in the ‘Writing R Extensions’ manual.
Flavors: r-devel-linux-x86_64-debian-clang, r-devel-linux-x86_64-debian-gcc, r-devel-linux-x86_64-fedora-clang, r-devel-linux-x86_64-fedora-gcc, r-patched-linux-x86_64, r-release-linux-x86_64