CRAN Package Check Results for Package braQCA

Last updated on 2024-02-22 21:51:35 CET.

Flavor Version Tinstall Tcheck Ttotal Status Flags
r-devel-linux-x86_64-debian-clang 1.2.1.29 OK
r-devel-linux-x86_64-debian-gcc 1.2.1.29 3.44 30.89 34.33 OK
r-devel-linux-x86_64-fedora-clang 1.2.1.29 55.37 NOTE
r-devel-linux-x86_64-fedora-gcc 1.2.1.29 53.37 NOTE
r-devel-windows-x86_64 1.2.1.29 6.00 50.00 56.00 OK
r-patched-linux-x86_64 1.2.1.29 5.00 39.81 44.81 OK
r-release-linux-x86_64 1.2.1.29 4.56 39.41 43.97 OK
r-release-macos-arm64 1.2.1.29 21.00 OK
r-release-macos-x86_64 1.2.1.29 29.00 OK
r-release-windows-x86_64 1.2.1.29 7.00 55.00 62.00 OK
r-oldrel-macos-arm64 1.2.1.29 22.00 NOTE
r-oldrel-windows-x86_64 1.2.1.29 7.00 63.00 70.00 OK

Check Details

Version: 1.2.1.29
Check: dependencies in R code
Result: NOTE Namespace in Imports field not imported from: ‘dplyr’ All declared Imports should be used. Flavors: r-devel-linux-x86_64-fedora-clang, r-devel-linux-x86_64-fedora-gcc, r-oldrel-macos-arm64