CRAN Package Check Results for Package braQCA

Last updated on 2023-06-09 22:58:22 CEST.

Flavor Version Tinstall Tcheck Ttotal Status Flags
r-devel-linux-x86_64-debian-clang 1.2.1.29 4.21 38.73 42.94 OK
r-devel-linux-x86_64-debian-gcc 1.2.1.29 3.77 30.19 33.96 OK
r-devel-linux-x86_64-fedora-clang 1.2.1.29 54.92 NOTE
r-devel-linux-x86_64-fedora-gcc 1.2.1.29 52.43 NOTE
r-devel-windows-x86_64 1.2.1.29 7.00 52.00 59.00 OK
r-patched-linux-x86_64 1.2.1.29 4.36 37.96 42.32 OK
r-release-linux-x86_64 1.2.1.29 3.78 37.38 41.16 OK
r-release-macos-arm64 1.2.1.29 21.00 OK
r-release-macos-x86_64 1.2.1.29 29.00 OK
r-release-windows-x86_64 1.2.1.29 7.00 54.00 61.00 OK
r-oldrel-macos-arm64 1.2.1.29 22.00 NOTE
r-oldrel-macos-x86_64 1.2.1.29 37.00 NOTE
r-oldrel-windows-x86_64 1.2.1.29 7.00 59.00 66.00 OK

Check Details

Version: 1.2.1.29
Check: dependencies in R code
Result: NOTE
    Namespace in Imports field not imported from: ‘dplyr’
     All declared Imports should be used.
Flavors: r-devel-linux-x86_64-fedora-clang, r-devel-linux-x86_64-fedora-gcc, r-oldrel-macos-arm64, r-oldrel-macos-x86_64