CRAN Package Check Results for Package breathteststan

Last updated on 2021-04-16 22:50:51 CEST.

Flavor Version Tinstall Tcheck Ttotal Status Flags
r-devel-linux-x86_64-debian-clang 0.8.0 133.49 124.41 257.90 NOTE
r-devel-linux-x86_64-debian-gcc 0.8.0 105.08 97.35 202.43 NOTE
r-devel-linux-x86_64-fedora-clang 0.8.0 350.49 NOTE
r-devel-linux-x86_64-fedora-gcc 0.8.0 350.55 NOTE
r-devel-windows-ix86+x86_64 0.8.0 301.00 299.00 600.00 NOTE
r-devel-windows-x86_64-gcc10-UCRT 0.8.0 NOTE
r-patched-linux-x86_64 0.8.0 118.34 125.29 243.63 NOTE
r-patched-solaris-x86 0.8.0 383.00 NOTE
r-release-linux-x86_64 0.8.0 112.61 124.72 237.33 NOTE
r-release-macos-x86_64 0.8.0 NOTE
r-release-windows-ix86+x86_64 0.8.0 269.00 314.00 583.00 NOTE
r-oldrel-macos-x86_64 0.8.0 ERROR

Check Details

Version: 0.8.0
Check: LazyData
Result: NOTE
     'LazyData' is specified without a 'data' directory
Flavors: r-devel-linux-x86_64-debian-clang, r-devel-linux-x86_64-debian-gcc, r-devel-linux-x86_64-fedora-clang, r-devel-linux-x86_64-fedora-gcc, r-devel-windows-ix86+x86_64, r-devel-windows-x86_64-gcc10-UCRT

Version: 0.8.0
Check: for GNU extensions in Makefiles
Result: NOTE
    GNU make is a SystemRequirements.
Flavors: r-devel-linux-x86_64-debian-clang, r-devel-linux-x86_64-debian-gcc, r-devel-linux-x86_64-fedora-clang, r-devel-linux-x86_64-fedora-gcc, r-devel-windows-ix86+x86_64, r-devel-windows-x86_64-gcc10-UCRT, r-patched-linux-x86_64, r-patched-solaris-x86, r-release-linux-x86_64, r-release-macos-x86_64, r-release-windows-ix86+x86_64

Version: 0.8.0
Check: installed package size
Result: NOTE
     installed size is 32.7Mb
     sub-directories of 1Mb or more:
     libs 32.5Mb
Flavors: r-devel-linux-x86_64-fedora-clang, r-release-macos-x86_64

Version: 0.8.0
Check: package dependencies
Result: NOTE
    Package suggested but not available for checking: ‘breathtestcore’
Flavor: r-release-macos-x86_64

Version: 0.8.0
Check: whether package can be installed
Result: ERROR
    Installation failed.
Flavor: r-oldrel-macos-x86_64