CRAN Package Check Results for Package bridgesampling

Last updated on 2017-11-21 22:47:45 CET.

Flavor Version Tinstall Tcheck Ttotal Status Flags
r-devel-linux-x86_64-debian-clang 0.3-0 2.61 620.28 622.88 OK
r-devel-linux-x86_64-debian-gcc 0.3-0 3.47 1172.94 1176.41 OK
r-devel-linux-x86_64-fedora-clang 0.3-0 1147.12 OK
r-devel-linux-x86_64-fedora-gcc 0.3-0 1285.44 OK
r-devel-windows-ix86+x86_64 0.3-0 12.00 850.00 862.00 OK
r-patched-linux-x86_64 0.3-0 3.25 636.37 639.62 OK
r-patched-solaris-x86 0.3-0 308.00 WARN
r-release-linux-x86_64 0.3-0 2.91 650.73 653.64 OK
r-release-windows-ix86+x86_64 0.3-0 9.00 943.00 952.00 OK
r-release-osx-x86_64 0.3-0 ERROR
r-oldrel-windows-ix86+x86_64 0.3-0 7.00 845.00 852.00 OK
r-oldrel-osx-x86_64 0.3-0 OK

Check Details

Version: 0.3-0
Check: re-building of vignette outputs
Result: WARN
    Error in re-building vignettes:
     ...
    Warning in engine$weave(file, quiet = quiet, encoding = enc) :
     Pandoc (>= 1.12.3) and/or pandoc-citeproc not available. Falling back to R Markdown v1.
    Loading required package: rjags
    Loading required package: coda
    Error: package or namespace load failed for 'rjags':
     .onLoad failed in loadNamespace() for 'rjags', details:
     call: dyn.load(file)
     error: unable to load shared object '/usr/local/lib/JAGS/modules-4/bugs.so':
     ld.so.1: R: fatal: libfui.so.2: open failed: No such file or directory
    Quitting from lines 51-112 (bridgesampling_example_jags.Rmd)
    Error: processing vignette 'bridgesampling_example_jags.Rmd' failed with diagnostics:
    package 'rjags' could not be loaded
    Execution halted
Flavor: r-patched-solaris-x86

Version: 0.3-0
Check: tests
Result: ERROR
     Running ‘testthat.R’ [109s/109s]
    Running the tests in ‘tests/testthat.R’ failed.
    Last 13 lines of output:
     d <- d[, !(colnames(d) %in% excl), drop = FALSE]
     coda::as.mcmc(as.matrix(d[, 1:rstan::get_num_upars(sf), drop = FALSE]))
     })
     4: FUN(X[[i]], ...)
     5: read.csv(f, comment.char = "#")
     6: read.table(file = file, header = header, sep = sep, quote = quote, dec = dec, fill = fill,
     comment.char = comment.char, ...)
     7: file(file, "rt")
    
     testthat results ================================================================
     OK: 50 SKIPPED: 8 FAILED: 1
     1. Error: stan_bridge_sampler (@test-stanreg_bridge_sampler_basic.R#10)
    
     Error: testthat unit tests failed
     Execution halted
Flavor: r-release-osx-x86_64