Last updated on 2023-03-23 22:52:27 CET.
Flavor | Version | Tinstall | Tcheck | Ttotal | Status | Flags |
---|---|---|---|---|---|---|
r-devel-linux-x86_64-debian-clang | 1.1.3 | 3.81 | 23.00 | 26.81 | OK | |
r-devel-linux-x86_64-debian-gcc | 1.1.3 | 2.86 | 18.23 | 21.09 | OK | |
r-devel-linux-x86_64-fedora-clang | 1.1.3 | 35.23 | OK | |||
r-devel-linux-x86_64-fedora-gcc | 1.1.3 | 32.97 | OK | |||
r-devel-windows-x86_64 | 1.1.3 | 7.00 | 6.00 | 13.00 | ERROR | |
r-patched-linux-x86_64 | 1.1.3 | 3.55 | 23.99 | 27.54 | OK | |
r-release-linux-x86_64 | 1.1.3 | 3.44 | 24.01 | 27.45 | OK | |
r-release-macos-arm64 | 1.1.3 | 17.00 | OK | |||
r-release-macos-x86_64 | 1.1.3 | 26.00 | OK | |||
r-release-windows-x86_64 | 1.1.3 | 32.00 | 99.00 | 131.00 | OK | |
r-oldrel-macos-arm64 | 1.1.3 | 79.00 | OK | |||
r-oldrel-macos-x86_64 | 1.1.3 | 26.00 | OK | |||
r-oldrel-windows-ix86+x86_64 | 1.1.3 | 18.00 | 61.00 | 79.00 | OK |
Version: 1.1.3
Check: whether package can be installed
Result: ERROR
Installation failed.
Flavor: r-devel-windows-x86_64