Last updated on 2023-03-29 23:08:58 CEST.
Flavor | Version | Tinstall | Tcheck | Ttotal | Status | Flags |
---|---|---|---|---|---|---|
r-devel-linux-x86_64-debian-clang | 2.2.1 | 10.09 | 95.05 | 105.14 | OK | |
r-devel-linux-x86_64-debian-gcc | 2.2.1 | 7.57 | 72.84 | 80.41 | OK | |
r-devel-linux-x86_64-fedora-clang | 2.2.1 | 130.32 | NOTE | |||
r-devel-linux-x86_64-fedora-gcc | 2.2.1 | 135.42 | OK | |||
r-devel-windows-x86_64 | 2.2.1 | 91.00 | 175.00 | 266.00 | NOTE | |
r-patched-linux-x86_64 | 2.2.1 | 17.17 | 92.72 | 109.89 | OK | |
r-release-linux-x86_64 | 2.2.1 | 8.25 | 86.17 | 94.42 | OK | |
r-release-macos-arm64 | 2.2.1 | 59.00 | NOTE | |||
r-release-macos-x86_64 | 2.2.1 | 93.00 | NOTE | |||
r-release-windows-x86_64 | 2.2.1 | 90.00 | 149.00 | 239.00 | NOTE | |
r-oldrel-macos-arm64 | 2.2.1 | 64.00 | NOTE | |||
r-oldrel-macos-x86_64 | 2.2.1 | 86.00 | NOTE | |||
r-oldrel-windows-ix86+x86_64 | 2.2.1 | 20.00 | 135.00 | 155.00 | NOTE |
Version: 2.2.1
Check: installed package size
Result: NOTE
installed size is 5.7Mb
sub-directories of 1Mb or more:
doc 2.0Mb
help 1.3Mb
Flavors: r-devel-linux-x86_64-fedora-clang, r-devel-windows-x86_64, r-release-macos-arm64, r-release-macos-x86_64, r-release-windows-x86_64, r-oldrel-macos-arm64, r-oldrel-macos-x86_64, r-oldrel-windows-ix86+x86_64