CRAN Package Check Results for Package bsam

Last updated on 2024-03-04 22:57:56 CET.

Flavor Version Tinstall Tcheck Ttotal Status Flags
r-devel-linux-x86_64-debian-clang 1.1.3 10.80 104.64 115.44 OK
r-devel-linux-x86_64-debian-gcc 1.1.3 10.80 77.85 88.65 OK
r-devel-linux-x86_64-fedora-clang 1.1.3 146.99 NOTE
r-devel-linux-x86_64-fedora-gcc 1.1.3 138.45 NOTE
r-devel-windows-x86_64 1.1.3 12.00 89.00 101.00 OK
r-patched-linux-x86_64 1.1.3 12.51 101.82 114.33 OK
r-release-linux-x86_64 1.1.3 12.79 103.10 115.89 OK
r-release-macos-arm64 1.1.3 44.00 OK
r-release-macos-x86_64 1.1.3 72.00 OK
r-release-windows-x86_64 1.1.3 15.00 107.00 122.00 OK
r-oldrel-macos-arm64 1.1.3 52.00 NOTE
r-oldrel-windows-x86_64 1.1.3 15.00 105.00 120.00 OK

Check Details

Version: 1.1.3
Check: dependencies in R code
Result: NOTE Namespaces in Imports field not imported from: ‘rworldxtra’ ‘sp’ All declared Imports should be used. Flavors: r-devel-linux-x86_64-fedora-clang, r-devel-linux-x86_64-fedora-gcc, r-oldrel-macos-arm64