Last updated on 2023-01-28 22:55:08 CET.
Flavor | Version | Tinstall | Tcheck | Ttotal | Status | Flags |
---|---|---|---|---|---|---|
r-devel-linux-x86_64-debian-clang | 1.1.3 | 13.57 | 109.64 | 123.21 | OK | |
r-devel-linux-x86_64-debian-gcc | 1.1.3 | 10.39 | 80.42 | 90.81 | OK | |
r-devel-linux-x86_64-fedora-clang | 1.1.3 | 155.20 | NOTE | |||
r-devel-linux-x86_64-fedora-gcc | 1.1.3 | 145.19 | NOTE | |||
r-devel-windows-x86_64 | 1.1.3 | 22.00 | 129.00 | 151.00 | OK | |
r-patched-linux-x86_64 | 1.1.3 | 13.35 | 105.25 | 118.60 | OK | |
r-release-linux-x86_64 | 1.1.3 | 14.10 | 105.50 | 119.60 | OK | |
r-release-macos-arm64 | 1.1.3 | 52.00 | NOTE | |||
r-release-macos-x86_64 | 1.1.3 | 63.00 | NOTE | |||
r-release-windows-x86_64 | 1.1.3 | 22.00 | 132.00 | 154.00 | OK | |
r-oldrel-macos-arm64 | 1.1.3 | 36.00 | NOTE | |||
r-oldrel-macos-x86_64 | 1.1.3 | 73.00 | NOTE | |||
r-oldrel-windows-ix86+x86_64 | 1.1.3 | 29.00 | 134.00 | 163.00 | OK |
Version: 1.1.3
Check: dependencies in R code
Result: NOTE
Namespaces in Imports field not imported from:
‘rworldxtra’ ‘sp’
All declared Imports should be used.
Flavors: r-devel-linux-x86_64-fedora-clang, r-devel-linux-x86_64-fedora-gcc, r-release-macos-arm64, r-release-macos-x86_64, r-oldrel-macos-arm64, r-oldrel-macos-x86_64