CRAN Package Check Results for Package bsts

Last updated on 2017-11-21 22:47:45 CET.

Flavor Version Tinstall Tcheck Ttotal Status Flags
r-devel-linux-x86_64-debian-clang 0.7.1 26.06 45.93 71.99 OK
r-devel-linux-x86_64-debian-gcc 0.7.1 31.41 104.59 135.99 OK
r-devel-linux-x86_64-fedora-clang 0.7.1 142.44 NOTE
r-devel-linux-x86_64-fedora-gcc 0.7.1 150.16 NOTE
r-devel-windows-ix86+x86_64 0.7.1 148.00 161.00 309.00 NOTE
r-patched-linux-x86_64 0.7.1 28.73 46.88 75.61 OK
r-release-linux-x86_64 0.7.1 28.36 47.09 75.44 OK
r-release-windows-ix86+x86_64 0.7.1 107.00 175.00 282.00 NOTE
r-release-osx-x86_64 0.7.1 NOTE
r-oldrel-windows-ix86+x86_64 0.7.1 102.00 212.00 314.00 NOTE
r-oldrel-osx-x86_64 0.7.1 NOTE

Additional issues

rchk

Check Details

Version: 0.7.1
Check: installed package size
Result: NOTE
     installed size is 54.9Mb
     sub-directories of 1Mb or more:
     libs 54.6Mb
Flavors: r-devel-linux-x86_64-fedora-clang, r-devel-linux-x86_64-fedora-gcc, r-devel-windows-ix86+x86_64, r-release-windows-ix86+x86_64, r-release-osx-x86_64, r-oldrel-windows-ix86+x86_64, r-oldrel-osx-x86_64