CRAN Package Check Results for Package bsts

Last updated on 2018-02-23 22:47:48 CET.

Flavor Version Tinstall Tcheck Ttotal Status Flags
r-devel-linux-x86_64-debian-clang 0.7.1 41.38 74.22 115.60 NOTE
r-devel-linux-x86_64-debian-gcc 0.7.1 32.94 54.36 87.30 NOTE
r-devel-linux-x86_64-fedora-clang 0.7.1 149.73 NOTE
r-devel-linux-x86_64-fedora-gcc 0.7.1 153.22 NOTE
r-devel-windows-ix86+x86_64 0.7.1 99.00 207.00 306.00 NOTE
r-patched-linux-x86_64 0.7.1 41.94 78.35 120.29 OK
r-release-linux-x86_64 0.7.1 38.49 77.72 116.21 OK
r-release-windows-ix86+x86_64 0.7.1 166.00 210.00 376.00 NOTE
r-release-osx-x86_64 0.7.1 NOTE
r-oldrel-windows-ix86+x86_64 0.7.1 103.00 225.00 328.00 NOTE
r-oldrel-osx-x86_64 0.7.1 NOTE

Additional issues

rchk

Check Details

Version: 0.7.1
Check: DESCRIPTION meta-information
Result: NOTE
    Dependence on R version ‘3.3.1’ not with patchlevel 0
Flavors: r-devel-linux-x86_64-debian-clang, r-devel-linux-x86_64-debian-gcc, r-devel-linux-x86_64-fedora-clang, r-devel-linux-x86_64-fedora-gcc

Version: 0.7.1
Check: installed package size
Result: NOTE
     installed size is 56.8Mb
     sub-directories of 1Mb or more:
     libs 56.3Mb
Flavors: r-devel-linux-x86_64-fedora-clang, r-devel-linux-x86_64-fedora-gcc, r-devel-windows-ix86+x86_64, r-release-windows-ix86+x86_64, r-release-osx-x86_64, r-oldrel-windows-ix86+x86_64, r-oldrel-osx-x86_64