CRAN Package Check Results for Package bsts

Last updated on 2018-09-23 22:46:50 CEST.

Flavor Version Tinstall Tcheck Ttotal Status Flags
r-devel-linux-x86_64-debian-clang 0.8.0 52.44 156.02 208.46 OK
r-devel-linux-x86_64-debian-gcc 0.8.0 50.07 122.20 172.27 OK
r-devel-linux-x86_64-fedora-clang 0.8.0 268.58 NOTE
r-devel-linux-x86_64-fedora-gcc 0.8.0 265.42 OK
r-devel-windows-ix86+x86_64 0.8.0 194.00 416.00 610.00 NOTE
r-patched-linux-x86_64 0.8.0 0.54 1.87 2.41 ERROR
r-release-linux-x86_64 0.8.0 0.54 1.74 2.28 ERROR
r-release-windows-ix86+x86_64 0.8.0 145.00 427.00 572.00 NOTE
r-release-osx-x86_64 0.8.0 NOTE
r-oldrel-windows-ix86+x86_64 0.8.0 124.00 427.00 551.00 NOTE
r-oldrel-osx-x86_64 0.8.0 NOTE

Additional issues

clang-ASAN

Check Details

Version: 0.8.0
Check: installed package size
Result: NOTE
     installed size is 102.2Mb
     sub-directories of 1Mb or more:
     libs 101.5Mb
Flavors: r-devel-linux-x86_64-fedora-clang, r-devel-windows-ix86+x86_64, r-release-windows-ix86+x86_64, r-release-osx-x86_64, r-oldrel-windows-ix86+x86_64, r-oldrel-osx-x86_64

Version: 0.8.0
Check: package dependencies
Result: ERROR
    Package required but not available: ‘BoomSpikeSlab’
    
    See section ‘The DESCRIPTION file’ in the ‘Writing R Extensions’
    manual.
Flavors: r-patched-linux-x86_64, r-release-linux-x86_64