CRAN Package Check Results for Package bsts

Last updated on 2018-06-20 22:49:05 CEST.

Flavor Version Tinstall Tcheck Ttotal Status Flags
r-devel-linux-x86_64-debian-clang 0.8.0 54.51 157.97 212.48 OK
r-devel-linux-x86_64-debian-gcc 0.8.0 47.07 120.30 167.37 OK
r-devel-linux-x86_64-fedora-clang 0.8.0 271.08 NOTE
r-devel-linux-x86_64-fedora-gcc 0.8.0 276.22 OK
r-devel-windows-ix86+x86_64 0.8.0 186.00 339.00 525.00 NOTE
r-patched-linux-x86_64 0.8.0 57.03 164.13 221.16 NOTE
r-release-linux-x86_64 0.8.0 58.40 162.50 220.90 NOTE
r-release-windows-ix86+x86_64 0.8.0 130.00 419.00 549.00 NOTE
r-release-osx-x86_64 0.8.0 NOTE
r-oldrel-windows-ix86+x86_64 0.8.0 130.00 340.00 470.00 NOTE
r-oldrel-osx-x86_64 0.8.0 NOTE

Check Details

Version: 0.8.0
Check: installed package size
Result: NOTE
     installed size is 98.7Mb
     sub-directories of 1Mb or more:
     libs 98.1Mb
Flavors: r-devel-linux-x86_64-fedora-clang, r-devel-windows-ix86+x86_64, r-release-windows-ix86+x86_64, r-release-osx-x86_64, r-oldrel-windows-ix86+x86_64, r-oldrel-osx-x86_64

Version: 0.8.0
Check: DESCRIPTION meta-information
Result: NOTE
    Dependence on R version ‘3.3.1’ not with patchlevel 0
Flavors: r-patched-linux-x86_64, r-release-linux-x86_64