CRAN Package Check Results for Package btb

Last updated on 2019-08-19 22:47:02 CEST.

Flavor Version Tinstall Tcheck Ttotal Status Flags
r-devel-linux-x86_64-debian-clang 0.1.30 65.53 41.03 106.56 NOTE
r-devel-linux-x86_64-debian-gcc 0.1.30 54.25 33.78 88.03 NOTE
r-devel-linux-x86_64-fedora-clang 0.1.30 168.34 NOTE
r-devel-linux-x86_64-fedora-gcc 0.1.30 159.27 NOTE
r-devel-windows-ix86+x86_64 0.1.30 217.00 120.00 337.00 OK
r-patched-linux-x86_64 0.1.30 62.60 40.92 103.52 OK
r-patched-solaris-x86 0.1.30 179.70 OK
r-release-linux-x86_64 0.1.30 61.82 40.82 102.64 OK
r-release-windows-ix86+x86_64 0.1.30 142.00 73.00 215.00 OK
r-release-osx-x86_64 0.1.30 OK
r-oldrel-windows-ix86+x86_64 0.1.30 198.00 102.00 300.00 OK
r-oldrel-osx-x86_64 0.1.30 OK

Additional issues

LTO

Check Details

Version: 0.1.30
Check: for non-standard things in the check directory
Result: NOTE
    Found the following files/directories:
     'irregularGrid.dbf' 'irregularGrid.prj' 'irregularGrid.shp'
     'irregularGrid.shx' 'regularGrid.dbf' 'regularGrid.prj'
     'regularGrid.shp' 'regularGrid.shx'
Flavors: r-devel-linux-x86_64-debian-clang, r-devel-linux-x86_64-debian-gcc, r-devel-linux-x86_64-fedora-clang, r-devel-linux-x86_64-fedora-gcc