Last updated on 2023-01-29 23:03:03 CET.
Flavor | Version | Tinstall | Tcheck | Ttotal | Status | Flags |
---|---|---|---|---|---|---|
r-devel-linux-x86_64-debian-clang | 0.2.0 | 90.77 | 152.59 | 243.36 | OK | |
r-devel-linux-x86_64-debian-gcc | 0.2.0 | 69.54 | 113.12 | 182.66 | NOTE | |
r-devel-linux-x86_64-fedora-clang | 0.2.0 | 351.03 | OK | |||
r-devel-linux-x86_64-fedora-gcc | 0.2.0 | 335.64 | NOTE | |||
r-devel-windows-x86_64 | 0.2.0 | 94.00 | 231.00 | 325.00 | NOTE | |
r-patched-linux-x86_64 | 0.2.0 | 76.85 | 144.86 | 221.71 | OK | |
r-release-linux-x86_64 | 0.2.0 | 75.74 | 140.95 | 216.69 | OK | |
r-release-macos-arm64 | 0.2.0 | 89.00 | OK | |||
r-release-macos-x86_64 | 0.2.0 | 110.00 | OK | |||
r-release-windows-x86_64 | 0.2.0 | 82.00 | 212.00 | 294.00 | OK | |
r-oldrel-macos-arm64 | 0.2.0 | 90.00 | OK | |||
r-oldrel-macos-x86_64 | 0.2.0 | 130.00 | OK | |||
r-oldrel-windows-ix86+x86_64 | 0.2.0 | 232.00 | 237.00 | 469.00 | OK |
Version: 0.2.0
Check: C++ specification
Result: NOTE
Specified C++11: please update to current default of C++17
Flavors: r-devel-linux-x86_64-debian-gcc, r-devel-linux-x86_64-fedora-gcc, r-devel-windows-x86_64