CRAN Package Check Results for Package btb

Last updated on 2019-12-10 22:49:28 CET.

Flavor Version Tinstall Tcheck Ttotal Status Flags
r-devel-linux-x86_64-debian-clang 0.1.30 83.95 44.44 128.39 NOTE
r-devel-linux-x86_64-debian-gcc 0.1.30 54.92 35.23 90.15 NOTE
r-devel-linux-x86_64-fedora-clang 0.1.30 170.82 NOTE
r-devel-linux-x86_64-fedora-gcc 0.1.30 170.22 NOTE
r-devel-windows-ix86+x86_64 0.1.30 157.00 119.00 276.00 OK
r-devel-windows-ix86+x86_64-gcc8 0.1.30 208.00 86.00 294.00 OK
r-patched-linux-x86_64 0.1.30 65.90 40.86 106.76 OK
r-patched-solaris-x86 0.1.30 197.10 OK
r-release-linux-x86_64 0.1.30 61.43 40.17 101.60 OK
r-release-windows-ix86+x86_64 0.1.30 150.00 77.00 227.00 OK
r-release-osx-x86_64 0.1.30 OK
r-oldrel-windows-ix86+x86_64 0.1.30 143.00 68.00 211.00 OK
r-oldrel-osx-x86_64 0.1.30 OK

Additional issues

LTO

Check Details

Version: 0.1.30
Check: for non-standard things in the check directory
Result: NOTE
    Found the following files/directories:
     'irregularGrid.dbf' 'irregularGrid.prj' 'irregularGrid.shp'
     'irregularGrid.shx' 'regularGrid.dbf' 'regularGrid.prj'
     'regularGrid.shp' 'regularGrid.shx'
Flavors: r-devel-linux-x86_64-debian-clang, r-devel-linux-x86_64-debian-gcc, r-devel-linux-x86_64-fedora-clang, r-devel-linux-x86_64-fedora-gcc