Last updated on 2023-06-07 22:02:38 CEST.
Flavor | Version | Tinstall | Tcheck | Ttotal | Status | Flags |
---|---|---|---|---|---|---|
r-devel-linux-x86_64-debian-clang | 2.9 | 15.36 | 191.12 | 206.48 | OK | |
r-devel-linux-x86_64-debian-gcc | 2.9 | 11.52 | 148.99 | 160.51 | OK | |
r-devel-linux-x86_64-fedora-clang | 2.9 | 257.51 | OK | |||
r-devel-linux-x86_64-fedora-gcc | 2.9 | 266.04 | OK | |||
r-devel-windows-x86_64 | 2.9 | 13.00 | 159.00 | 172.00 | OK | |
r-patched-linux-x86_64 | 2.9 | 13.38 | 188.62 | 202.00 | OK | |
r-release-linux-x86_64 | 2.9 | 13.48 | 187.64 | 201.12 | OK | |
r-release-macos-arm64 | 2.9 | 91.00 | OK | |||
r-release-macos-x86_64 | 2.8 | 135.00 | NOTE | |||
r-release-windows-x86_64 | 2.9 | 17.00 | 198.00 | 215.00 | OK | |
r-oldrel-macos-arm64 | 2.9 | 92.00 | OK | |||
r-oldrel-macos-x86_64 | 2.9 | 100.00 | OK | |||
r-oldrel-windows-x86_64 | 2.9 | 17.00 | 200.00 | 217.00 | OK |
Version: 2.8
Check: package dependencies
Result: NOTE
Packages suggested but not available for checking:
'gamm4', 'glmertree', 'glmmTMB', 'ordinal', 'partykit'
Flavor: r-release-macos-x86_64