Last updated on 2023-01-26 23:00:09 CET.
Flavor | Version | Tinstall | Tcheck | Ttotal | Status | Flags |
---|---|---|---|---|---|---|
r-devel-linux-x86_64-debian-clang | 0.1.0 | 6.44 | 56.13 | 62.57 | OK | |
r-devel-linux-x86_64-debian-gcc | 0.1.0 | 4.74 | 41.31 | 46.05 | OK | |
r-devel-linux-x86_64-fedora-clang | 0.1.0 | 78.80 | NOTE | |||
r-devel-linux-x86_64-fedora-gcc | 0.1.0 | 84.72 | NOTE | |||
r-devel-windows-x86_64 | 0.1.0 | 31.00 | 84.00 | 115.00 | OK | |
r-patched-linux-x86_64 | 0.1.0 | 5.62 | 53.07 | 58.69 | OK | |
r-release-linux-x86_64 | 0.1.0 | 4.92 | 52.51 | 57.43 | OK | |
r-release-macos-arm64 | 0.1.0 | 23.00 | NOTE | |||
r-release-macos-x86_64 | 0.1.0 | 45.00 | NOTE | |||
r-release-windows-x86_64 | 0.1.0 | 34.00 | 85.00 | 119.00 | OK | |
r-oldrel-macos-arm64 | 0.1.0 | 30.00 | NOTE | |||
r-oldrel-macos-x86_64 | 0.1.0 | 43.00 | NOTE | |||
r-oldrel-windows-ix86+x86_64 | 0.1.0 | 15.00 | 89.00 | 104.00 | OK |
Version: 0.1.0
Check: dependencies in R code
Result: NOTE
Namespaces in Imports field not imported from:
‘Hmisc’ ‘magrittr’ ‘rmarkdown’
All declared Imports should be used.
Flavors: r-devel-linux-x86_64-fedora-clang, r-devel-linux-x86_64-fedora-gcc, r-release-macos-arm64, r-release-macos-x86_64, r-oldrel-macos-arm64, r-oldrel-macos-x86_64