Last updated on 2024-04-19 22:55:40 CEST.
Flavor | Version | Tinstall | Tcheck | Ttotal | Status | Flags |
---|---|---|---|---|---|---|
r-devel-linux-x86_64-debian-clang | 0.2.0 | 3.63 | 43.21 | 46.84 | NOTE | |
r-devel-linux-x86_64-debian-gcc | 0.2.0 | NOTE | ||||
r-devel-linux-x86_64-fedora-clang | 0.2.0 | 58.43 | NOTE | |||
r-devel-linux-x86_64-fedora-gcc | 0.2.0 | 67.93 | NOTE | |||
r-prerel-macos-arm64 | 0.2.0 | 27.00 | NOTE | |||
r-prerel-windows-x86_64 | 0.2.0 | 4.00 | 53.00 | 57.00 | NOTE | |
r-patched-linux-x86_64 | 0.2.0 | 3.72 | 40.96 | 44.68 | NOTE | |
r-release-linux-x86_64 | 0.2.0 | 3.46 | 39.97 | 43.43 | NOTE | |
r-release-macos-arm64 | 0.2.0 | 29.00 | NOTE | |||
r-release-macos-x86_64 | 0.2.0 | 42.00 | NOTE | |||
r-release-windows-x86_64 | 0.2.0 | 5.00 | 60.00 | 65.00 | NOTE | |
r-oldrel-macos-arm64 | 0.2.0 | 25.00 | NOTE | |||
r-oldrel-windows-x86_64 | 0.2.0 | 4.00 | 62.00 | 66.00 | NOTE |
Version: 0.2.0
Check: LazyData
Result: NOTE
'LazyData' is specified without a 'data' directory
Flavors: r-devel-linux-x86_64-debian-clang, r-devel-linux-x86_64-debian-gcc, r-devel-linux-x86_64-fedora-clang, r-devel-linux-x86_64-fedora-gcc, r-prerel-macos-arm64, r-prerel-windows-x86_64, r-patched-linux-x86_64, r-release-linux-x86_64, r-release-macos-arm64, r-release-macos-x86_64, r-release-windows-x86_64, r-oldrel-macos-arm64, r-oldrel-windows-x86_64