Last updated on 2023-09-28 23:08:41 CEST.
Flavor | Version | Tinstall | Tcheck | Ttotal | Status | Flags |
---|---|---|---|---|---|---|
r-devel-linux-x86_64-debian-clang | 0.2.3 | 462.34 | 204.75 | 667.09 | OK | |
r-devel-linux-x86_64-debian-gcc | 0.2.3 | 337.40 | 157.57 | 494.97 | OK | |
r-devel-linux-x86_64-fedora-clang | 0.2.3 | 927.29 | OK | |||
r-devel-linux-x86_64-fedora-gcc | 0.2.3 | 1000.16 | OK | |||
r-devel-windows-x86_64 | 0.2.3 | 324.00 | 204.00 | 528.00 | OK | |
r-patched-linux-x86_64 | 0.2.3 | 456.76 | 203.80 | 660.56 | OK | |
r-release-linux-x86_64 | 0.2.3 | 450.43 | 203.33 | 653.76 | OK | |
r-release-macos-arm64 | 0.2.3 | 247.00 | NOTE | |||
r-release-macos-x86_64 | 0.2.3 | 357.00 | NOTE | |||
r-release-windows-x86_64 | 0.2.3 | 436.00 | 239.00 | 675.00 | OK | |
r-oldrel-macos-arm64 | 0.2.3 | 292.00 | NOTE | |||
r-oldrel-macos-x86_64 | 0.2.3 | 271.00 | NOTE | |||
r-oldrel-windows-x86_64 | 0.2.3 | 390.00 | 224.00 | 614.00 | OK |
Version: 0.2.3
Check: installed package size
Result: NOTE
installed size is 22.1Mb
sub-directories of 1Mb or more:
libs 20.6Mb
Flavors: r-release-macos-arm64, r-release-macos-x86_64, r-oldrel-macos-arm64, r-oldrel-macos-x86_64