CRAN Package Check Results for Package bvls

Last updated on 2018-04-23 22:47:07 CEST.

Flavor Version Tinstall Tcheck Ttotal Status Flags
r-devel-linux-x86_64-debian-clang 1.4 1.47 14.66 16.13 NOTE
r-devel-linux-x86_64-debian-gcc 1.4 1.28 12.42 13.70 NOTE
r-devel-linux-x86_64-fedora-clang 1.4 21.01 NOTE
r-devel-linux-x86_64-fedora-gcc 1.4 20.13 NOTE
r-devel-windows-ix86+x86_64 1.4 9.00 32.00 41.00 NOTE
r-devel-osx-x86_64 1.4 NOTE
r-patched-linux-x86_64 1.4 1.59 15.07 16.66 NOTE
r-patched-solaris-x86 1.4 32.10 NOTE
r-release-linux-x86_64 1.4 1.71 14.28 15.99 NOTE
r-release-windows-ix86+x86_64 1.4 5.00 26.00 31.00 NOTE
r-release-osx-x86_64 1.4 NOTE
r-oldrel-windows-ix86+x86_64 1.4 5.00 26.00 31.00 NOTE

Check Details

Version: 1.4
Check: DESCRIPTION meta-information
Result: NOTE
    Malformed Description field: should contain one or more complete sentences.
Flavors: r-devel-linux-x86_64-debian-clang, r-devel-linux-x86_64-debian-gcc, r-devel-linux-x86_64-fedora-clang, r-devel-linux-x86_64-fedora-gcc, r-devel-windows-ix86+x86_64, r-devel-osx-x86_64, r-patched-linux-x86_64, r-patched-solaris-x86, r-release-linux-x86_64, r-release-windows-ix86+x86_64, r-release-osx-x86_64, r-oldrel-windows-ix86+x86_64

Version: 1.4
Check: compiled code
Result: NOTE
    File ‘bvls/libs/bvls.so’:
     Found no calls to: ‘R_registerRoutines’, ‘R_useDynamicSymbols’
    
    It is good practice to register native routines and to disable symbol
    search.
    
    See ‘Writing portable packages’ in the ‘Writing R Extensions’ manual.
Flavors: r-devel-linux-x86_64-debian-clang, r-devel-linux-x86_64-debian-gcc, r-devel-linux-x86_64-fedora-clang, r-devel-linux-x86_64-fedora-gcc, r-patched-linux-x86_64, r-release-linux-x86_64