CRAN Package Check Results for Package bvpSolve

Last updated on 2017-11-22 22:57:02 CET.

Flavor Version Tinstall Tcheck Ttotal Status Flags
r-devel-linux-x86_64-debian-clang 1.3.3 14.63 52.80 67.43 NOTE
r-devel-linux-x86_64-debian-gcc 1.3.3 17.78 119.53 137.31 NOTE
r-devel-linux-x86_64-fedora-clang 1.3.3 134.28 NOTE
r-devel-linux-x86_64-fedora-gcc 1.3.3 138.74 NOTE
r-devel-windows-ix86+x86_64 1.3.3 95.00 124.00 219.00 OK
r-patched-linux-x86_64 1.3.3 14.99 56.40 71.39 NOTE
r-patched-solaris-x86 1.3.3 170.00 OK
r-release-linux-x86_64 1.3.3 15.05 52.66 67.71 NOTE
r-release-windows-ix86+x86_64 1.3.3 64.00 121.00 185.00 OK
r-release-osx-x86_64 1.3.3 OK
r-oldrel-windows-ix86+x86_64 1.3.3 62.00 130.00 192.00 OK
r-oldrel-osx-x86_64 1.3.3 OK

Additional issues

rchk

Check Details

Version: 1.3.3
Check: compiled code
Result: NOTE
    File ‘bvpSolve/libs/bvpSolve.so’:
     Found no calls to: ‘R_registerRoutines’, ‘R_useDynamicSymbols’
    
    It is good practice to register native routines and to disable symbol
    search.
    
    See ‘Writing portable packages’ in the ‘Writing R Extensions’ manual.
Flavors: r-devel-linux-x86_64-debian-clang, r-devel-linux-x86_64-debian-gcc, r-devel-linux-x86_64-fedora-clang, r-devel-linux-x86_64-fedora-gcc, r-patched-linux-x86_64, r-release-linux-x86_64