CRAN Package Check Results for Package bvpSolve

Last updated on 2018-02-24 22:47:20 CET.

Flavor Version Tinstall Tcheck Ttotal Status Flags
r-devel-linux-x86_64-debian-clang 1.3.3 23.19 86.75 109.94 NOTE
r-devel-linux-x86_64-debian-gcc 1.3.3 20.27 64.71 84.98 NOTE
r-devel-linux-x86_64-fedora-clang 1.3.3 136.39 NOTE
r-devel-linux-x86_64-fedora-gcc 1.3.3 133.63 NOTE
r-devel-windows-ix86+x86_64 1.3.3 98.00 163.00 261.00 OK
r-patched-linux-x86_64 1.3.3 21.65 91.29 112.94 NOTE
r-patched-solaris-x86 1.3.3 151.60 OK
r-release-linux-x86_64 1.3.3 19.73 95.27 115.00 NOTE
r-release-windows-ix86+x86_64 1.3.3 64.00 121.00 185.00 OK
r-release-osx-x86_64 1.3.3 OK
r-oldrel-windows-ix86+x86_64 1.3.3 62.00 130.00 192.00 OK
r-oldrel-osx-x86_64 1.3.3 OK

Additional issues

rchk

Check Details

Version: 1.3.3
Check: compiled code
Result: NOTE
    File ‘bvpSolve/libs/bvpSolve.so’:
     Found no calls to: ‘R_registerRoutines’, ‘R_useDynamicSymbols’
    
    It is good practice to register native routines and to disable symbol
    search.
    
    See ‘Writing portable packages’ in the ‘Writing R Extensions’ manual.
Flavors: r-devel-linux-x86_64-debian-clang, r-devel-linux-x86_64-debian-gcc, r-devel-linux-x86_64-fedora-clang, r-devel-linux-x86_64-fedora-gcc, r-patched-linux-x86_64, r-release-linux-x86_64