CRAN Package Check Results for Package bvpSolve

Last updated on 2018-09-23 22:46:50 CEST.

Flavor Version Tinstall Tcheck Ttotal Status Flags
r-devel-linux-x86_64-debian-clang 1.3.3 25.38 89.91 115.29 OK
r-devel-linux-x86_64-debian-gcc 1.3.3 20.75 66.52 87.27 OK
r-devel-linux-x86_64-fedora-clang 1.3.3 137.86 NOTE
r-devel-linux-x86_64-fedora-gcc 1.3.3 135.66 NOTE
r-devel-windows-ix86+x86_64 1.3.3 74.00 120.00 194.00 OK
r-patched-linux-x86_64 1.3.3 24.01 86.00 110.01 OK
r-patched-solaris-x86 1.3.3 167.50 OK
r-release-linux-x86_64 1.3.3 24.14 88.58 112.72 OK
r-release-windows-ix86+x86_64 1.3.3 63.00 181.00 244.00 OK
r-release-osx-x86_64 1.3.3 OK
r-oldrel-windows-ix86+x86_64 1.3.3 77.00 126.00 203.00 OK
r-oldrel-osx-x86_64 1.3.3 OK

Additional issues

rchk

Check Details

Version: 1.3.3
Check: compiled code
Result: NOTE
    File ‘bvpSolve/libs/bvpSolve.so’:
     Found no calls to: ‘R_registerRoutines’, ‘R_useDynamicSymbols’
    
    It is good practice to register native routines and to disable symbol
    search.
    
    See ‘Writing portable packages’ in the ‘Writing R Extensions’ manual.
Flavors: r-devel-linux-x86_64-fedora-clang, r-devel-linux-x86_64-fedora-gcc