CRAN Package Check Results for Package c060

Last updated on 2019-11-18 22:47:07 CET.

Flavor Version Tinstall Tcheck Ttotal Status Flags
r-devel-linux-x86_64-debian-clang 0.2-4 6.73 61.68 68.41 NOTE
r-devel-linux-x86_64-debian-gcc 0.2-4 6.73 49.81 56.54 NOTE
r-devel-linux-x86_64-fedora-clang 0.2-4 81.28 NOTE
r-devel-linux-x86_64-fedora-gcc 0.2-4 82.64 NOTE
r-devel-windows-ix86+x86_64 0.2-4 26.00 104.00 130.00 NOTE
r-patched-linux-x86_64 0.2-4 7.68 59.12 66.80 NOTE
r-patched-solaris-x86 0.2-4 127.50 NOTE
r-release-linux-x86_64 0.2-4 7.05 58.30 65.35 NOTE
r-release-windows-ix86+x86_64 0.2-4 15.00 72.00 87.00 NOTE
r-release-osx-x86_64 0.2-4 NOTE
r-oldrel-windows-ix86+x86_64 0.2-4 8.00 102.00 110.00 NOTE
r-oldrel-osx-x86_64 0.2-4 NOTE

Check Details

Version: 0.2-4
Check: DESCRIPTION meta-information
Result: NOTE
    Malformed Description field: should contain one or more complete sentences.
Flavors: r-devel-linux-x86_64-debian-clang, r-devel-linux-x86_64-debian-gcc, r-devel-linux-x86_64-fedora-clang, r-devel-linux-x86_64-fedora-gcc, r-devel-windows-ix86+x86_64, r-patched-linux-x86_64, r-patched-solaris-x86, r-release-linux-x86_64, r-release-windows-ix86+x86_64, r-release-osx-x86_64, r-oldrel-windows-ix86+x86_64, r-oldrel-osx-x86_64

Version: 0.2-4
Check: dependencies in R code
Result: NOTE
    Missing or unexported objects:
     'glmnet::auc' 'glmnet::plotCoef'
Flavors: r-devel-linux-x86_64-debian-clang, r-devel-linux-x86_64-debian-gcc, r-devel-linux-x86_64-fedora-clang, r-devel-linux-x86_64-fedora-gcc, r-devel-windows-ix86+x86_64, r-patched-linux-x86_64, r-patched-solaris-x86, r-release-linux-x86_64, r-release-windows-ix86+x86_64

Version: 0.2-4
Check: R code for possible problems
Result: NOTE
    PLL.coxnet: no visible global function definition for 'coef'
    Plot.coef.glmnet: no visible global function definition for 'par'
    Plot.coef.glmnet: no visible global function definition for 'plot'
    Plot.coef.glmnet: no visible global function definition for 'abline'
    Plot.peperr.curves: no visible global function definition for 'plot'
    Plot.peperr.curves: no visible global function definition for 'lines'
    Plot.peperr.curves : <anonymous>: no visible global function definition
     for 'quantile'
    Plot.peperr.curves: no visible global function definition for 'polygon'
    Plot.peperr.curves: no visible global function definition for 'legend'
    Plot.peperr.curves: no visible global function definition for 'par'
    Plot.peperr.curves: no visible global function definition for 'text'
    aggregation.auc: no visible global function definition for 'predict'
    aggregation.brier: no visible global function definition for 'predict'
    aggregation.misclass: no visible global function definition for
     'predict'
    basesurv: no visible global function definition for 'approx'
    coef.sum.intsearch: no visible global function definition for 'coef'
    epsgo: no visible global function definition for 'pdf'
    epsgo: no visible global function definition for 'par'
    epsgo: no visible global function definition for 'plot'
    epsgo: no visible global function definition for 'abline'
    epsgo: no visible global function definition for 'text'
    epsgo: no visible global function definition for 'runif'
    epsgo: no visible global function definition for 'sd'
    epsgo: no visible global function definition for 'dev.off'
    fit.glmnet: no visible global function definition for 'predict'
    glmnet.subset: no visible global function definition for 'runif'
    plot.stabpath: no visible global function definition for 'nonzeroCoef'
    plot.stabpath: no visible global function definition for 'par'
    plot.stabpath: no visible global function definition for 'matplot'
    plot.stabpath: no visible global function definition for 'abline'
    plot.sum.intsearch: no visible binding for global variable
     'gray.colors'
    plot.sum.intsearch: no visible global function definition for 'plot'
    plot.sum.intsearch: no visible global function definition for 'grid'
    plot.sum.intsearch: no visible global function definition for 'abline'
    predictProb.coxnet: no visible global function definition for 'predict'
    predictProb.glmnet: no visible global function definition for 'predict'
    Undefined global functions or variables:
     abline approx coef dev.off gray.colors grid legend lines matplot
     nonzeroCoef par pdf plot polygon predict quantile runif sd text
    Consider adding
     importFrom("grDevices", "dev.off", "gray.colors", "pdf")
     importFrom("graphics", "abline", "grid", "legend", "lines", "matplot",
     "par", "plot", "polygon", "text")
     importFrom("stats", "approx", "coef", "predict", "quantile", "runif",
     "sd")
    to your NAMESPACE file.
Flavors: r-devel-linux-x86_64-debian-clang, r-devel-linux-x86_64-debian-gcc, r-devel-linux-x86_64-fedora-clang, r-devel-linux-x86_64-fedora-gcc, r-devel-windows-ix86+x86_64, r-patched-linux-x86_64, r-patched-solaris-x86, r-release-linux-x86_64, r-release-windows-ix86+x86_64

Version: 0.2-4
Check: R code for possible problems
Result: NOTE
    PLL.coxnet: no visible global function definition for ‘coef’
    Plot.coef.glmnet: no visible global function definition for ‘par’
    Plot.coef.glmnet: no visible global function definition for ‘plot’
    Plot.coef.glmnet: no visible global function definition for ‘abline’
    Plot.peperr.curves: no visible global function definition for ‘plot’
    Plot.peperr.curves: no visible global function definition for ‘lines’
    Plot.peperr.curves : <anonymous>: no visible global function definition
     for ‘quantile’
    Plot.peperr.curves: no visible global function definition for ‘polygon’
    Plot.peperr.curves: no visible global function definition for ‘legend’
    Plot.peperr.curves: no visible global function definition for ‘par’
    Plot.peperr.curves: no visible global function definition for ‘text’
    aggregation.auc: no visible global function definition for ‘predict’
    aggregation.brier: no visible global function definition for ‘predict’
    aggregation.misclass: no visible global function definition for
     ‘predict’
    basesurv: no visible global function definition for ‘approx’
    coef.sum.intsearch: no visible global function definition for ‘coef’
    epsgo: no visible global function definition for ‘pdf’
    epsgo: no visible global function definition for ‘par’
    epsgo: no visible global function definition for ‘plot’
    epsgo: no visible global function definition for ‘abline’
    epsgo: no visible global function definition for ‘text’
    epsgo: no visible global function definition for ‘runif’
    epsgo: no visible global function definition for ‘sd’
    epsgo: no visible global function definition for ‘dev.off’
    fit.glmnet: no visible global function definition for ‘predict’
    glmnet.subset: no visible global function definition for ‘runif’
    plot.stabpath: no visible global function definition for ‘par’
    plot.stabpath: no visible global function definition for ‘matplot’
    plot.stabpath: no visible global function definition for ‘abline’
    plot.sum.intsearch: no visible binding for global variable
     ‘gray.colors’
    plot.sum.intsearch: no visible global function definition for ‘plot’
    plot.sum.intsearch: no visible global function definition for ‘grid’
    plot.sum.intsearch: no visible global function definition for ‘abline’
    predictProb.coxnet: no visible global function definition for ‘predict’
    predictProb.glmnet: no visible global function definition for ‘predict’
    Undefined global functions or variables:
     abline approx coef dev.off gray.colors grid legend lines matplot par
     pdf plot polygon predict quantile runif sd text
    Consider adding
     importFrom("grDevices", "dev.off", "gray.colors", "pdf")
     importFrom("graphics", "abline", "grid", "legend", "lines", "matplot",
     "par", "plot", "polygon", "text")
     importFrom("stats", "approx", "coef", "predict", "quantile", "runif",
     "sd")
    to your NAMESPACE file.
Flavors: r-release-osx-x86_64, r-oldrel-windows-ix86+x86_64, r-oldrel-osx-x86_64