CRAN Package Check Results for Package c3

Last updated on 2019-12-10 22:49:28 CET.

Flavor Version Tinstall Tcheck Ttotal Status Flags
r-devel-linux-x86_64-debian-clang 0.2.0 5.33 54.41 59.74 OK
r-devel-linux-x86_64-debian-gcc 0.2.0 4.76 41.01 45.77 OK
r-devel-linux-x86_64-fedora-clang 0.2.0 70.20 OK
r-devel-linux-x86_64-fedora-gcc 0.2.0 65.99 OK
r-devel-windows-ix86+x86_64 0.2.0 17.00 93.00 110.00 OK
r-devel-windows-ix86+x86_64-gcc8 0.2.0 16.00 67.00 83.00 OK
r-patched-linux-x86_64 0.2.0 5.38 47.38 52.76 OK
r-patched-solaris-x86 0.2.0 89.90 WARN
r-release-linux-x86_64 0.2.0 5.65 49.00 54.65 OK
r-release-windows-ix86+x86_64 0.2.0 13.00 74.00 87.00 OK
r-release-osx-x86_64 0.2.0 WARN
r-oldrel-windows-ix86+x86_64 0.2.0 8.00 63.00 71.00 OK
r-oldrel-osx-x86_64 0.2.0 WARN

Check Details

Version: 0.2.0
Check: re-building of vignette outputs
Result: WARN
    Error(s) in re-building vignettes:
     ...
    --- re-building ‘examples.Rmd’ using rmarkdown
    Warning in engine$weave(file, quiet = quiet, encoding = enc) :
     Pandoc (>= 1.12.3) and/or pandoc-citeproc not available. Falling back to R Markdown v1.
    
    Attaching package: 'dplyr'
    
    The following objects are masked from 'package:stats':
    
     filter, lag
    
    The following objects are masked from 'package:base':
    
     intersect, setdiff, setequal, union
    
    
    Attaching package: 'c3'
    
    The following object is masked from 'package:dplyr':
    
     %>%
    
    The following objects are masked from 'package:graphics':
    
     grid, legend
    
    PhantomJS not found. You can install it with webshot::install_phantomjs(). If it is installed, please make sure the phantomjs executable can be found via the PATH variable.
    Warning in normalizePath(f2) :
     path[1]="webshot4b575596532d.png": No such file or directory
    Warning in file(con, "rb") :
     cannot open file 'webshot4b575596532d.png': No such file or directory
    Quitting from lines 56-65 (examples.Rmd)
    Error: processing vignette 'examples.Rmd' failed with diagnostics:
    cannot open the connection
    --- failed re-building ‘examples.Rmd’
    
    SUMMARY: processing the following file failed:
     ‘examples.Rmd’
    
    Error: Vignette re-building failed.
    Execution halted
Flavor: r-patched-solaris-x86

Version: 0.2.0
Check: re-building of vignette outputs
Result: WARN
    Error(s) in re-building vignettes:
    --- re-building ‘examples.Rmd’ using rmarkdown
    Warning in engine$weave(file, quiet = quiet, encoding = enc) :
     Pandoc (>= 1.12.3) and/or pandoc-citeproc not available. Falling back to R Markdown v1.
    
    Attaching package: 'dplyr'
    
    The following objects are masked from 'package:stats':
    
     filter, lag
    
    The following objects are masked from 'package:base':
    
     intersect, setdiff, setequal, union
    
    
    Attaching package: 'c3'
    
    The following object is masked from 'package:dplyr':
    
     %>%
    
    The following objects are masked from 'package:graphics':
    
     grid, legend
    
    PhantomJS not found. You can install it with webshot::install_phantomjs(). If it is installed, please make sure the phantomjs executable can be found via the PATH variable.
    Warning in normalizePath(f2) :
     path[1]="webshot17f0e554a7ebc.png": No such file or directory
    Warning in file(con, "rb") :
     cannot open file 'webshot17f0e554a7ebc.png': No such file or directory
    Quitting from lines 56-65 (examples.Rmd)
    Error: processing vignette 'examples.Rmd' failed with diagnostics:
    cannot open the connection
    --- failed re-building ‘examples.Rmd’
    
    SUMMARY: processing the following file failed:
     ‘examples.Rmd’
    
    Error: Vignette re-building failed.
    Execution halted
Flavor: r-release-osx-x86_64

Version: 0.2.0
Check: re-building of vignette outputs
Result: WARN
    Error in re-building vignettes:
     ...
    
    The following objects are masked from 'package:base':
    
     intersect, setdiff, setequal, union
    
    
    Attaching package: 'c3'
    
    The following object is masked from 'package:dplyr':
    
     %>%
    
    The following objects are masked from 'package:graphics':
    
     grid, legend
    
    PhantomJS not found. You can install it with webshot::install_phantomjs(). If it is installed, please make sure the phantomjs executable can be found via the PATH variable.
    Warning in normalizePath(f2) :
     path[1]="./webshotb3c71d491160.png": No such file or directory
    Warning in file(con, "rb") :
     cannot open file './webshotb3c71d491160.png': No such file or directory
    Quitting from lines 56-65 (examples.Rmd)
    Error: processing vignette 'examples.Rmd' failed with diagnostics:
    cannot open the connection
    Execution halted
Flavor: r-oldrel-osx-x86_64