Last updated on 2024-03-28 23:01:40 CET.
Flavor | Version | Tinstall | Tcheck | Ttotal | Status | Flags |
---|---|---|---|---|---|---|
r-devel-linux-x86_64-debian-clang | 1.1.0 | 2.17 | 28.43 | 30.60 | NOTE | |
r-devel-linux-x86_64-debian-gcc | 1.1.0 | 1.66 | 22.35 | 24.01 | NOTE | |
r-devel-linux-x86_64-fedora-clang | 1.1.0 | 39.18 | NOTE | |||
r-devel-linux-x86_64-fedora-gcc | 1.1.0 | 50.64 | NOTE | |||
r-devel-windows-x86_64 | 1.1.0 | 2.00 | 44.00 | 46.00 | NOTE | |
r-patched-linux-x86_64 | 1.1.0 | 2.15 | 28.19 | 30.34 | NOTE | |
r-release-linux-x86_64 | 1.1.0 | 1.67 | 25.47 | 27.14 | NOTE | |
r-release-macos-arm64 | 1.1.0 | 24.00 | NOTE | |||
r-release-macos-x86_64 | 1.1.0 | 33.00 | NOTE | |||
r-release-windows-x86_64 | 1.1.0 | 3.00 | 43.00 | 46.00 | NOTE | |
r-oldrel-macos-arm64 | 1.1.0 | 19.00 | NOTE | |||
r-oldrel-windows-x86_64 | 1.1.0 | 3.00 | 47.00 | 50.00 | NOTE |
Version: 1.1.0
Check: LazyData
Result: NOTE
'LazyData' is specified without a 'data' directory
Flavors: r-devel-linux-x86_64-debian-clang, r-devel-linux-x86_64-debian-gcc, r-devel-linux-x86_64-fedora-clang, r-devel-linux-x86_64-fedora-gcc, r-devel-windows-x86_64, r-patched-linux-x86_64, r-release-linux-x86_64, r-release-macos-arm64, r-release-macos-x86_64, r-release-windows-x86_64, r-oldrel-macos-arm64, r-oldrel-windows-x86_64