Last updated on 2024-04-18 22:52:34 CEST.
Flavor | Version | Tinstall | Tcheck | Ttotal | Status | Flags |
---|---|---|---|---|---|---|
r-devel-linux-x86_64-debian-clang | 0.2.1 | 39.41 | 70.19 | 109.60 | NOTE | |
r-devel-linux-x86_64-debian-gcc | 0.2.1 | 28.43 | 50.10 | 78.53 | NOTE | |
r-devel-linux-x86_64-fedora-clang | 0.2.1 | 151.16 | NOTE | |||
r-devel-linux-x86_64-fedora-gcc | 0.2.1 | 139.44 | NOTE | |||
r-prerel-macos-arm64 | 0.2.1 | 38.00 | NOTE | |||
r-prerel-windows-x86_64 | 0.2.1 | 33.00 | 84.00 | 117.00 | NOTE | |
r-patched-linux-x86_64 | 0.2.1 | 36.28 | 66.12 | 102.40 | NOTE | |
r-release-linux-x86_64 | 0.2.1 | 33.90 | 66.56 | 100.46 | OK | |
r-release-macos-arm64 | 0.2.1 | 41.00 | OK | |||
r-release-macos-x86_64 | 0.2.1 | 62.00 | OK | |||
r-release-windows-x86_64 | 0.2.1 | 41.00 | 99.00 | 140.00 | OK | |
r-oldrel-macos-arm64 | 0.2.1 | 43.00 | OK | |||
r-oldrel-windows-x86_64 | 0.2.1 | 39.00 | 100.00 | 139.00 | OK |
Version: 0.2.1
Check: Rd files
Result: NOTE
checkRd: (-1) calibration_bands.Rd:19: Lost braces; missing escapes or markup?
19 | \item{y}{response variable (in {0,1}).}
| ^
Flavors: r-devel-linux-x86_64-debian-clang, r-devel-linux-x86_64-debian-gcc, r-devel-linux-x86_64-fedora-clang, r-devel-linux-x86_64-fedora-gcc, r-prerel-macos-arm64, r-prerel-windows-x86_64, r-patched-linux-x86_64