CRAN Package Check Results for Package callr

Last updated on 2019-10-16 22:55:53 CEST.

Flavor Version Tinstall Tcheck Ttotal Status Flags
r-devel-linux-x86_64-debian-clang 3.3.2 6.09 111.16 117.25 ERROR
r-devel-linux-x86_64-debian-gcc 3.3.2 5.04 95.24 100.28 ERROR
r-devel-linux-x86_64-fedora-clang 3.3.2 148.70 ERROR
r-devel-linux-x86_64-fedora-gcc 3.3.2 143.68 ERROR
r-devel-windows-ix86+x86_64 3.3.2 18.00 146.00 164.00 OK
r-patched-linux-x86_64 3.3.2 5.73 110.03 115.76 OK
r-patched-solaris-x86 3.3.2 60.20 WARN
r-release-linux-x86_64 3.3.2 5.36 110.51 115.87 OK
r-release-windows-ix86+x86_64 3.3.2 10.00 141.00 151.00 OK
r-release-osx-x86_64 3.3.2 WARN
r-oldrel-windows-ix86+x86_64 3.3.2 7.00 122.00 129.00 OK
r-oldrel-osx-x86_64 3.3.2 WARN

Check Details

Version: 3.3.2
Check: tests
Result: ERROR
     Running 'testthat.R' [80s/120s]
    Running the tests in 'tests/testthat.R' failed.
    Complete output:
     > library(testthat)
     > library(callr)
     >
     > Sys.unsetenv("R_TESTS")
     >
     > if (ps::ps_is_supported()) {
     + reporter <- ps::CleanupReporter(testthat::SummaryReporter)$new()
     + results <- test_check("callr", reporter = reporter)
     + failed <- sum(vapply(results, FUN.VALUE = integer(1), function(r) {
     + sum(vapply(
     + r$results,
     + FUN.VALUE = logical(1),
     + inherits, "expectation_error"))
     + }))
     + if (failed) stop("Test failures", call. = FALSE)
     +
     + } else {
     + ## ps does not support this platform
     +
     + sysname <- tolower(Sys.info()[["sysname"]])
     + if (sysname != "sunos" || Sys.getenv("NOT_CRAN") == "true") {
     + test_check("callr", reporter = "summary")
     + }
     + }
     various bug fixes: .....
     callbacks: ................
     clean-subprocess: ..............................
     errors: .............................................S....S....S............................
     r: ......................................................................
     library path setup: ..............................................................
     messages: .....S....
     options: ......
     presets: .....................
     calling quit(): ............
     r_bg: .....................................
     r_process: .....
     r_session messages: ...................
     r_session: ..............................................S......................................S..............1....
     rcmd_bg: .................
     rcmd_process: ......
     rcmd: ..................................................
     rscript: .....................
     spelling: S....
     timeout: ......
     utils: ...............................
    
     == Skipped =====================================================================
     1. error traces are merged (@test-error.R#115) - Reason: On CRAN
    
     2. errors in r_bg() are merged (@test-error.R#150) - Reason: On CRAN
    
     3. errors in r_process are merged (@test-error.R#173) - Reason: On CRAN
    
     4. messages in callr::r_bg do not crash session (@test-messages.R#12) - Reason: On CRAN
    
     5. stdout/stderr from pipe (@test-r-session.R#79) - Reason: On CRAN
    
     6. crash (@test-r-session.R#212) - Reason: On CRAN
    
     7. spell check (@test-spelling.R#5) - Reason: On CRAN
    
     == Failed ======================================================================
     -- 1. Failure: traceback (@test-r-session.R#269) ------------------------------
     c(tb[[4]]) not equal to "\"f()\"".
     1/1 mismatches
     x[1]: "f()"
     y[1]: "\"f()\""
    
     == DONE ========================================================================
     Error: Test failures
     Execution halted
Flavor: r-devel-linux-x86_64-debian-clang

Version: 3.3.2
Check: tests
Result: ERROR
     Running ‘testthat.R’ [69s/142s]
    Running the tests in ‘tests/testthat.R’ failed.
    Complete output:
     > library(testthat)
     > library(callr)
     >
     > Sys.unsetenv("R_TESTS")
     >
     > if (ps::ps_is_supported()) {
     + reporter <- ps::CleanupReporter(testthat::SummaryReporter)$new()
     + results <- test_check("callr", reporter = reporter)
     + failed <- sum(vapply(results, FUN.VALUE = integer(1), function(r) {
     + sum(vapply(
     + r$results,
     + FUN.VALUE = logical(1),
     + inherits, "expectation_error"))
     + }))
     + if (failed) stop("Test failures", call. = FALSE)
     +
     + } else {
     + ## ps does not support this platform
     +
     + sysname <- tolower(Sys.info()[["sysname"]])
     + if (sysname != "sunos" || Sys.getenv("NOT_CRAN") == "true") {
     + test_check("callr", reporter = "summary")
     + }
     + }
     various bug fixes: .....
     callbacks: ................
     clean-subprocess: ..............................
     errors: .............................................S....S....S............................
     r: ......................................................................
     library path setup: ..............................................................
     messages: .....S....
     options: ......
     presets: .....................
     calling quit(): ............
     r_bg: .....................................
     r_process: .....
     r_session messages: ...................
     r_session: ..............................................S......................................S..............1....
     rcmd_bg: .................
     rcmd_process: ......
     rcmd: ..................................................
     rscript: .....................
     spelling: S....
     timeout: ......
     utils: ...............................
    
     ══ Skipped ═════════════════════════════════════════════════════════════════════
     1. error traces are merged (@test-error.R#115) - Reason: On CRAN
    
     2. errors in r_bg() are merged (@test-error.R#150) - Reason: On CRAN
    
     3. errors in r_process are merged (@test-error.R#173) - Reason: On CRAN
    
     4. messages in callr::r_bg do not crash session (@test-messages.R#12) - Reason: On CRAN
    
     5. stdout/stderr from pipe (@test-r-session.R#79) - Reason: On CRAN
    
     6. crash (@test-r-session.R#212) - Reason: On CRAN
    
     7. spell check (@test-spelling.R#5) - Reason: On CRAN
    
     ══ Failed ══════════════════════════════════════════════════════════════════════
     ── 1. Failure: traceback (@test-r-session.R#269) ──────────────────────────────
     c(tb[[4]]) not equal to "\"f()\"".
     1/1 mismatches
     x[1]: "f()"
     y[1]: "\"f()\""
    
     ══ DONE ════════════════════════════════════════════════════════════════════════
     Error: Test failures
     Execution halted
Flavor: r-devel-linux-x86_64-debian-gcc

Version: 3.3.2
Check: tests
Result: ERROR
     Running ‘testthat.R’ [101s/106s]
    Running the tests in ‘tests/testthat.R’ failed.
    Complete output:
     > library(testthat)
     > library(callr)
     >
     > Sys.unsetenv("R_TESTS")
     >
     > if (ps::ps_is_supported()) {
     + reporter <- ps::CleanupReporter(testthat::SummaryReporter)$new()
     + results <- test_check("callr", reporter = reporter)
     + failed <- sum(vapply(results, FUN.VALUE = integer(1), function(r) {
     + sum(vapply(
     + r$results,
     + FUN.VALUE = logical(1),
     + inherits, "expectation_error"))
     + }))
     + if (failed) stop("Test failures", call. = FALSE)
     +
     + } else {
     + ## ps does not support this platform
     +
     + sysname <- tolower(Sys.info()[["sysname"]])
     + if (sysname != "sunos" || Sys.getenv("NOT_CRAN") == "true") {
     + test_check("callr", reporter = "summary")
     + }
     + }
     various bug fixes: .....
     callbacks: ................
     clean-subprocess: ..............................
     errors: .............................................S....S....S............................
     r: ......................................................................
     library path setup: ..............................................................
     messages: .....S....
     options: ......
     presets: .....................
     calling quit(): ............
     r_bg: .....................................
     r_process: .....
     r_session messages: ...................
     r_session: ..............................................S......................................S..............1....
     rcmd_bg: .................
     rcmd_process: ......
     rcmd: ..................................................
     rscript: .....................
     spelling: S....
     timeout: ......
     utils: ...............................
    
     ══ Skipped ═════════════════════════════════════════════════════════════════════
     1. error traces are merged (@test-error.R#115) - Reason: On CRAN
    
     2. errors in r_bg() are merged (@test-error.R#150) - Reason: On CRAN
    
     3. errors in r_process are merged (@test-error.R#173) - Reason: On CRAN
    
     4. messages in callr::r_bg do not crash session (@test-messages.R#12) - Reason: On CRAN
    
     5. stdout/stderr from pipe (@test-r-session.R#79) - Reason: On CRAN
    
     6. crash (@test-r-session.R#212) - Reason: On CRAN
    
     7. spell check (@test-spelling.R#5) - Reason: On CRAN
    
     ══ Failed ══════════════════════════════════════════════════════════════════════
     ── 1. Failure: traceback (@test-r-session.R#269) ──────────────────────────────
     c(tb[[4]]) not equal to "\"f()\"".
     1/1 mismatches
     x[1]: "f()"
     y[1]: "\"f()\""
    
     ══ DONE ════════════════════════════════════════════════════════════════════════
     Error: Test failures
     Execution halted
Flavor: r-devel-linux-x86_64-fedora-clang

Version: 3.3.2
Check: tests
Result: ERROR
     Running ‘testthat.R’ [97s/115s]
    Running the tests in ‘tests/testthat.R’ failed.
    Complete output:
     > library(testthat)
     > library(callr)
     >
     > Sys.unsetenv("R_TESTS")
     >
     > if (ps::ps_is_supported()) {
     + reporter <- ps::CleanupReporter(testthat::SummaryReporter)$new()
     + results <- test_check("callr", reporter = reporter)
     + failed <- sum(vapply(results, FUN.VALUE = integer(1), function(r) {
     + sum(vapply(
     + r$results,
     + FUN.VALUE = logical(1),
     + inherits, "expectation_error"))
     + }))
     + if (failed) stop("Test failures", call. = FALSE)
     +
     + } else {
     + ## ps does not support this platform
     +
     + sysname <- tolower(Sys.info()[["sysname"]])
     + if (sysname != "sunos" || Sys.getenv("NOT_CRAN") == "true") {
     + test_check("callr", reporter = "summary")
     + }
     + }
     various bug fixes: .....
     callbacks: ................
     clean-subprocess: ..............................
     errors: .............................................S....S....S............................
     r: ......................................................................
     library path setup: ..............................................................
     messages: .....S....
     options: ......
     presets: .....................
     calling quit(): ............
     r_bg: .....................................
     r_process: .....
     r_session messages: ...................
     r_session: ..............................................S......................................S..............1....
     rcmd_bg: .................
     rcmd_process: ......
     rcmd: ..................................................
     rscript: .....................
     spelling: S....
     timeout: ......
     utils: ...............................
    
     ══ Skipped ═════════════════════════════════════════════════════════════════════
     1. error traces are merged (@test-error.R#115) - Reason: On CRAN
    
     2. errors in r_bg() are merged (@test-error.R#150) - Reason: On CRAN
    
     3. errors in r_process are merged (@test-error.R#173) - Reason: On CRAN
    
     4. messages in callr::r_bg do not crash session (@test-messages.R#12) - Reason: On CRAN
    
     5. stdout/stderr from pipe (@test-r-session.R#79) - Reason: On CRAN
    
     6. crash (@test-r-session.R#212) - Reason: On CRAN
    
     7. spell check (@test-spelling.R#5) - Reason: On CRAN
    
     ══ Failed ══════════════════════════════════════════════════════════════════════
     ── 1. Failure: traceback (@test-r-session.R#269) ──────────────────────────────
     c(tb[[4]]) not equal to "\"f()\"".
     1/1 mismatches
     x[1]: "f()"
     y[1]: "\"f()\""
    
     ══ DONE ════════════════════════════════════════════════════════════════════════
     Error: Test failures
     Execution halted
Flavor: r-devel-linux-x86_64-fedora-gcc

Version: 3.3.2
Check: re-building of vignette outputs
Result: WARN
    Error(s) in re-building vignettes:
     ...
    --- re-building ‘Task-queue-with-callr.Rmd’ using rmarkdown
    Warning in engine$weave(file, quiet = quiet, encoding = enc) :
     Pandoc (>= 1.12.3) and/or pandoc-citeproc not available. Falling back to R Markdown v1.
    Quitting from lines 17-23 (Task-queue-with-callr.Rmd)
    Error: processing vignette 'Task-queue-with-callr.Rmd' failed with diagnostics:
    argument is of length zero
    --- failed re-building ‘Task-queue-with-callr.Rmd’
    
    SUMMARY: processing the following file failed:
     ‘Task-queue-with-callr.Rmd’
    
    Error: Vignette re-building failed.
    Execution halted
Flavors: r-patched-solaris-x86, r-release-osx-x86_64

Version: 3.3.2
Check: re-building of vignette outputs
Result: WARN
    Error in re-building vignettes:
     ...
    Warning in engine$weave(file, quiet = quiet, encoding = enc) :
     Pandoc (>= 1.12.3) and/or pandoc-citeproc not available. Falling back to R Markdown v1.
    Quitting from lines 17-23 (Task-queue-with-callr.Rmd)
    Error: processing vignette 'Task-queue-with-callr.Rmd' failed with diagnostics:
    argument is of length zero
    Execution halted
Flavor: r-oldrel-osx-x86_64