CRAN Package Check Results for Package calpassapi

Last updated on 2024-02-22 21:51:35 CET.

Flavor Version Tinstall Tcheck Ttotal Status Flags
r-devel-linux-x86_64-debian-clang 0.0.3 NOTE
r-devel-linux-x86_64-debian-gcc 0.0.3 3.69 34.01 37.70 NOTE
r-devel-linux-x86_64-fedora-clang 0.0.3 61.58 NOTE
r-devel-linux-x86_64-fedora-gcc 0.0.3 70.21 NOTE
r-devel-windows-x86_64 0.0.3 5.00 53.00 58.00 NOTE
r-patched-linux-x86_64 0.0.3 4.50 42.70 47.20 NOTE
r-release-linux-x86_64 0.0.3 4.85 42.79 47.64 NOTE
r-release-macos-arm64 0.0.3 30.00 NOTE
r-release-macos-x86_64 0.0.3 42.00 NOTE
r-release-windows-x86_64 0.0.3 7.00 61.00 68.00 NOTE
r-oldrel-macos-arm64 0.0.3 24.00 NOTE
r-oldrel-windows-x86_64 0.0.3 8.00 62.00 70.00 NOTE

Check Details

Version: 0.0.3
Check: LazyData
Result: NOTE 'LazyData' is specified without a 'data' directory Flavors: r-devel-linux-x86_64-debian-clang, r-devel-linux-x86_64-debian-gcc, r-devel-linux-x86_64-fedora-clang, r-devel-linux-x86_64-fedora-gcc, r-devel-windows-x86_64, r-patched-linux-x86_64, r-release-linux-x86_64, r-release-macos-arm64, r-release-macos-x86_64, r-release-windows-x86_64, r-oldrel-macos-arm64, r-oldrel-windows-x86_64