Last updated on 2023-12-10 22:55:53 CET.
Flavor | Version | Tinstall | Tcheck | Ttotal | Status | Flags |
---|---|---|---|---|---|---|
r-devel-linux-x86_64-debian-clang | 0.1 | 8.89 | 79.14 | 88.03 | OK | |
r-devel-linux-x86_64-debian-gcc | 0.1 | 8.11 | 58.59 | 66.70 | OK | |
r-devel-linux-x86_64-fedora-clang | 0.1 | 106.86 | NOTE | |||
r-devel-linux-x86_64-fedora-gcc | 0.1 | 101.68 | NOTE | |||
r-devel-windows-x86_64 | 0.1 | 9.00 | 73.00 | 82.00 | OK | |
r-patched-linux-x86_64 | 0.1 | 8.59 | 74.79 | 83.38 | OK | |
r-release-linux-x86_64 | 0.1 | 8.07 | 73.96 | 82.03 | OK | |
r-release-macos-arm64 | 0.1 | 32.00 | OK | |||
r-release-macos-x86_64 | 0.1 | 50.00 | OK | |||
r-release-windows-x86_64 | 0.1 | 12.00 | 86.00 | 98.00 | OK | |
r-oldrel-macos-arm64 | 0.1 | 31.00 | NOTE | |||
r-oldrel-macos-x86_64 | 0.1 | 55.00 | NOTE | |||
r-oldrel-windows-x86_64 | 0.1 | 11.00 | 88.00 | 99.00 | OK |
Version: 0.1
Check: data for non-ASCII characters
Result: NOTE
Note: found 287 marked UTF-8 strings
Flavors: r-devel-linux-x86_64-fedora-clang, r-devel-linux-x86_64-fedora-gcc, r-oldrel-macos-arm64, r-oldrel-macos-x86_64