Last updated on 2023-11-28 23:04:28 CET.
Flavor | Version | Tinstall | Tcheck | Ttotal | Status | Flags |
---|---|---|---|---|---|---|
r-devel-linux-x86_64-debian-clang | 0.14.0 | 16.53 | 147.44 | 163.97 | OK | |
r-devel-linux-x86_64-debian-gcc | 0.14.0 | 12.75 | 109.46 | 122.21 | OK | |
r-devel-linux-x86_64-fedora-clang | 0.14.0 | 210.38 | NOTE | |||
r-devel-linux-x86_64-fedora-gcc | 0.14.0 | 191.75 | NOTE | |||
r-devel-windows-x86_64 | 0.14.0 | 15.00 | 120.00 | 135.00 | OK | |
r-patched-linux-x86_64 | 0.14.0 | 25.79 | 137.74 | 163.53 | OK | |
r-release-linux-x86_64 | 0.14.0 | 16.08 | 137.85 | 153.93 | OK | |
r-release-macos-arm64 | 0.14.0 | 54.00 | OK | |||
r-release-macos-x86_64 | 0.14.0 | 100.00 | OK | |||
r-release-windows-x86_64 | 0.14.0 | 21.00 | 150.00 | 171.00 | OK | |
r-oldrel-macos-arm64 | 0.14.0 | 52.00 | NOTE | |||
r-oldrel-macos-x86_64 | 0.14.0 | 101.00 | NOTE | |||
r-oldrel-windows-x86_64 | 0.14.0 | 21.00 | 148.00 | 169.00 | OK |
Version: 0.14.0
Check: data for non-ASCII characters
Result: NOTE
Note: found 59 marked UTF-8 strings
Flavors: r-devel-linux-x86_64-fedora-clang, r-devel-linux-x86_64-fedora-gcc, r-oldrel-macos-arm64, r-oldrel-macos-x86_64