CRAN Package Check Results for Package carData

Last updated on 2024-06-17 22:53:55 CEST.

Flavor Version Tinstall Tcheck Ttotal Status Flags
r-devel-linux-x86_64-debian-clang 3.0-5 3.41 26.93 30.34 NOTE
r-devel-linux-x86_64-debian-gcc 3.0-5 2.74 20.38 23.12 NOTE
r-devel-linux-x86_64-fedora-clang 3.0-5 37.78 NOTE
r-devel-linux-x86_64-fedora-gcc 3.0-5 37.26 NOTE
r-devel-windows-x86_64 3.0-5 4.00 53.00 57.00 NOTE
r-patched-linux-x86_64 3.0-5 5.97 26.05 32.02 NOTE
r-release-linux-x86_64 3.0-5 3.79 25.19 28.98 NOTE
r-release-macos-arm64 3.0-5 16.00 NOTE
r-release-macos-x86_64 3.0-5 27.00 NOTE
r-release-windows-x86_64 3.0-5 6.00 53.00 59.00 NOTE
r-oldrel-macos-arm64 3.0-5 18.00 NOTE
r-oldrel-macos-x86_64 3.0-5 23.00 NOTE
r-oldrel-windows-x86_64 3.0-5 5.00 57.00 62.00 NOTE

Check Details

Version: 3.0-5
Check: Rd files
Result: NOTE checkRd: (-1) States.Rd:48: Escaped LaTeX specials: \$ Flavors: r-devel-linux-x86_64-debian-clang, r-devel-linux-x86_64-debian-gcc, r-devel-linux-x86_64-fedora-clang, r-devel-linux-x86_64-fedora-gcc, r-devel-windows-x86_64, r-patched-linux-x86_64, r-release-linux-x86_64, r-release-macos-arm64, r-release-macos-x86_64, r-release-windows-x86_64, r-oldrel-macos-arm64, r-oldrel-macos-x86_64, r-oldrel-windows-x86_64