Last updated on 2024-04-17 22:59:47 CEST.
Flavor | Version | Tinstall | Tcheck | Ttotal | Status | Flags |
---|---|---|---|---|---|---|
r-devel-linux-x86_64-debian-clang | 2.2.1 | 99.96 | 88.24 | 188.20 | OK | |
r-devel-linux-x86_64-debian-gcc | 2.2.1 | 72.79 | 63.34 | 136.13 | OK | |
r-devel-linux-x86_64-fedora-clang | 2.2.1 | 236.84 | OK | |||
r-devel-linux-x86_64-fedora-gcc | 2.2.1 | 243.98 | OK | |||
r-prerel-macos-arm64 | 2.2.1 | 58.00 | NOTE | |||
r-prerel-windows-x86_64 | 2.2.1 | 67.00 | 102.00 | 169.00 | OK | |
r-patched-linux-x86_64 | 2.2.1 | 88.56 | 79.81 | 168.37 | OK | |
r-release-linux-x86_64 | 2.2.1 | 99.40 | 81.29 | 180.69 | OK | |
r-release-macos-arm64 | 2.2.1 | 80.00 | NOTE | |||
r-release-macos-x86_64 | 2.2.1 | 130.00 | NOTE | |||
r-release-windows-x86_64 | 2.2.1 | 88.00 | 126.00 | 214.00 | OK | |
r-oldrel-macos-arm64 | 2.2.1 | 69.00 | NOTE | |||
r-oldrel-windows-x86_64 | 2.2.1 | 81.00 | 122.00 | 203.00 | OK |
Version: 2.2.1
Check: installed package size
Result: NOTE
installed size is 10.6Mb
sub-directories of 1Mb or more:
libs 10.2Mb
Flavors: r-prerel-macos-arm64, r-release-macos-arm64, r-release-macos-x86_64, r-oldrel-macos-arm64