Last updated on 2024-03-28 23:01:40 CET.
Flavor | Version | Tinstall | Tcheck | Ttotal | Status | Flags |
---|---|---|---|---|---|---|
r-devel-linux-x86_64-debian-clang | 0.4.9 | 2.22 | 50.29 | 52.51 | NOTE | |
r-devel-linux-x86_64-debian-gcc | 0.4.9 | 1.93 | 37.96 | 39.89 | NOTE | |
r-devel-linux-x86_64-fedora-clang | 0.4.9 | 68.47 | NOTE | |||
r-devel-linux-x86_64-fedora-gcc | 0.4.9 | 79.57 | NOTE | |||
r-devel-windows-x86_64 | 0.4.9 | 4.00 | 89.00 | 93.00 | NOTE | |
r-patched-linux-x86_64 | 0.4.9 | 4.38 | 49.93 | 54.31 | NOTE | |
r-release-linux-x86_64 | 0.4.9 | 2.45 | 48.54 | 50.99 | OK | |
r-release-macos-arm64 | 0.4.9 | 131.00 | OK | |||
r-release-macos-x86_64 | 0.4.9 | 166.00 | OK | |||
r-release-windows-x86_64 | 0.4.9 | 4.00 | 85.00 | 89.00 | OK | |
r-oldrel-macos-arm64 | 0.4.9 | 40.00 | OK | |||
r-oldrel-windows-x86_64 | 0.4.9 | 6.00 | 92.00 | 98.00 | OK |
Version: 0.4.9
Check: Rd files
Result: NOTE
checkRd: (-1) fitweibull.Rd:51: Lost braces in \itemize; \value handles \item{}{} directly
checkRd: (-1) fitweibull.Rd:52: Lost braces in \itemize; \value handles \item{}{} directly
checkRd: (-1) fitweibull.Rd:53: Lost braces in \itemize; \value handles \item{}{} directly
Flavors: r-devel-linux-x86_64-debian-clang, r-devel-linux-x86_64-debian-gcc, r-devel-linux-x86_64-fedora-clang, r-devel-linux-x86_64-fedora-gcc, r-devel-windows-x86_64, r-patched-linux-x86_64