CRAN Package Check Results for Package caribou

Last updated on 2018-07-16 22:51:58 CEST.

Flavor Version Tinstall Tcheck Ttotal Status Flags
r-devel-linux-x86_64-debian-clang 1.1 1.60 17.00 18.60 NOTE
r-devel-linux-x86_64-debian-gcc 1.1 1.15 15.45 16.60 NOTE
r-devel-linux-x86_64-fedora-clang 1.1 24.93 NOTE
r-devel-linux-x86_64-fedora-gcc 1.1 22.89 NOTE
r-devel-windows-ix86+x86_64 1.1 5.00 27.00 32.00 NOTE
r-patched-linux-x86_64 1.1 1.40 18.18 19.58 NOTE
r-patched-solaris-x86 1.1 36.50 NOTE
r-release-linux-x86_64 1.1 1.49 18.56 20.05 NOTE
r-release-windows-ix86+x86_64 1.1 5.00 27.00 32.00 NOTE
r-release-osx-x86_64 1.1 NOTE
r-oldrel-windows-ix86+x86_64 1.1 2.00 27.00 29.00 NOTE
r-oldrel-osx-x86_64 1.1 NOTE

Check Details

Version: 1.1
Check: R code for possible problems
Result: NOTE
    abundance: no visible global function definition for ā€˜Dā€™
    Undefined global functions or variables:
     D
    Consider adding
     importFrom("stats", "D")
    to your NAMESPACE file.
Flavors: r-devel-linux-x86_64-debian-clang, r-devel-linux-x86_64-debian-gcc, r-devel-linux-x86_64-fedora-clang, r-devel-linux-x86_64-fedora-gcc, r-devel-windows-ix86+x86_64, r-patched-linux-x86_64, r-patched-solaris-x86, r-release-linux-x86_64, r-release-windows-ix86+x86_64, r-release-osx-x86_64, r-oldrel-windows-ix86+x86_64, r-oldrel-osx-x86_64