CRAN Package Check Results for Package caribou

Last updated on 2017-12-13 21:50:39 CET.

Flavor Version Tinstall Tcheck Ttotal Status Flags
r-devel-linux-x86_64-debian-clang 1.1 0.66 16.90 17.56 NOTE
r-devel-linux-x86_64-debian-gcc 1.1 0.65 15.84 16.49 NOTE
r-devel-linux-x86_64-fedora-clang 1.1 20.51 NOTE
r-devel-linux-x86_64-fedora-gcc 1.1 21.92 NOTE
r-devel-windows-ix86+x86_64 1.1 4.00 27.00 31.00 NOTE
r-patched-linux-x86_64 1.1 0.75 17.33 18.08 NOTE
r-patched-solaris-x86 1.1 29.10 NOTE
r-release-linux-x86_64 1.1 0.76 17.42 18.18 NOTE
r-release-windows-ix86+x86_64 1.1 2.00 27.00 29.00 NOTE
r-release-osx-x86_64 1.1 NOTE
r-oldrel-windows-ix86+x86_64 1.1 2.00 26.00 28.00 NOTE
r-oldrel-osx-x86_64 1.1 NOTE

Check Details

Version: 1.1
Check: R code for possible problems
Result: NOTE
    abundance: no visible global function definition for ā€˜Dā€™
    Undefined global functions or variables:
     D
    Consider adding
     importFrom("stats", "D")
    to your NAMESPACE file.
Flavors: r-devel-linux-x86_64-debian-clang, r-devel-linux-x86_64-debian-gcc, r-devel-linux-x86_64-fedora-clang, r-devel-linux-x86_64-fedora-gcc, r-devel-windows-ix86+x86_64, r-patched-linux-x86_64, r-patched-solaris-x86, r-release-linux-x86_64, r-release-windows-ix86+x86_64, r-release-osx-x86_64, r-oldrel-windows-ix86+x86_64, r-oldrel-osx-x86_64