CRAN Package Check Results for Package carpenter

Last updated on 2023-12-07 21:55:41 CET.

Flavor Version Tinstall Tcheck Ttotal Status Flags
r-devel-linux-x86_64-debian-clang 0.2.2 4.46 49.28 53.74 NOTE
r-devel-linux-x86_64-debian-gcc 0.2.2 3.37 37.00 40.37 NOTE
r-devel-linux-x86_64-fedora-clang 0.2.2 66.31 NOTE
r-devel-linux-x86_64-fedora-gcc 0.2.2 74.22 NOTE
r-devel-windows-x86_64 0.2.2 5.00 58.00 63.00 NOTE
r-patched-linux-x86_64 0.2.2 3.79 47.75 51.54 NOTE
r-release-linux-x86_64 0.2.2 4.45 46.91 51.36 NOTE
r-release-macos-arm64 0.2.2 29.00 NOTE
r-release-macos-x86_64 0.2.2 42.00 NOTE
r-release-windows-x86_64 0.2.2 6.00 64.00 70.00 NOTE
r-oldrel-macos-arm64 0.2.2 25.00 NOTE
r-oldrel-macos-x86_64 0.2.2 45.00 NOTE
r-oldrel-windows-x86_64 0.2.2 7.00 65.00 72.00 NOTE

Check Details

Version: 0.2.2
Check: LazyData
Result: NOTE 'LazyData' is specified without a 'data' directory Flavors: r-devel-linux-x86_64-debian-clang, r-devel-linux-x86_64-debian-gcc, r-devel-linux-x86_64-fedora-clang, r-devel-linux-x86_64-fedora-gcc, r-devel-windows-x86_64, r-patched-linux-x86_64, r-release-linux-x86_64, r-release-macos-arm64, r-release-macos-x86_64, r-release-windows-x86_64, r-oldrel-macos-arm64, r-oldrel-macos-x86_64, r-oldrel-windows-x86_64