Last updated on 2024-04-23 22:55:18 CEST.
Flavor | Version | Tinstall | Tcheck | Ttotal | Status | Flags |
---|---|---|---|---|---|---|
r-devel-linux-x86_64-debian-clang | 0.1.4 | 8.48 | 69.90 | 78.38 | NOTE | |
r-devel-linux-x86_64-debian-gcc | 0.1.4 | 5.98 | 52.74 | 58.72 | NOTE | |
r-devel-linux-x86_64-fedora-clang | 0.1.4 | 105.57 | NOTE | |||
r-devel-linux-x86_64-fedora-gcc | 0.1.4 | 92.47 | NOTE | |||
r-prerel-macos-arm64 | 0.1.4 | 32.00 | NOTE | |||
r-prerel-windows-x86_64 | 0.1.4 | 8.00 | 76.00 | 84.00 | NOTE | |
r-patched-linux-x86_64 | 0.1.4 | 7.71 | 67.38 | 75.09 | NOTE | |
r-release-linux-x86_64 | 0.1.4 | 4.63 | 66.32 | 70.95 | NOTE | |
r-release-macos-arm64 | 0.1.4 | 32.00 | NOTE | |||
r-release-macos-x86_64 | 0.1.4 | 46.00 | NOTE | |||
r-release-windows-x86_64 | 0.1.4 | 10.00 | 87.00 | 97.00 | NOTE | |
r-oldrel-macos-arm64 | 0.1.4 | 41.00 | NOTE | |||
r-oldrel-windows-x86_64 | 0.1.4 | 10.00 | 90.00 | 100.00 | NOTE |
Version: 0.1.4
Check: LazyData
Result: NOTE
'LazyData' is specified without a 'data' directory
Flavors: r-devel-linux-x86_64-debian-clang, r-devel-linux-x86_64-debian-gcc, r-devel-linux-x86_64-fedora-clang, r-devel-linux-x86_64-fedora-gcc, r-prerel-macos-arm64, r-prerel-windows-x86_64, r-patched-linux-x86_64, r-release-linux-x86_64, r-release-macos-arm64, r-release-macos-x86_64, r-release-windows-x86_64, r-oldrel-macos-arm64, r-oldrel-windows-x86_64
Version: 0.1.4
Check: dependencies in R code
Result: NOTE
Namespaces in Imports field not imported from:
‘broom’ ‘epitools’
All declared Imports should be used.
Flavors: r-devel-linux-x86_64-fedora-clang, r-devel-linux-x86_64-fedora-gcc, r-oldrel-macos-arm64