Last updated on 2023-03-25 22:55:25 CET.
Flavor | Version | Tinstall | Tcheck | Ttotal | Status | Flags |
---|---|---|---|---|---|---|
r-devel-linux-x86_64-debian-clang | 1.6.4 | 2.75 | 33.98 | 36.73 | NOTE | |
r-devel-linux-x86_64-debian-gcc | 1.6.4 | 2.46 | 26.04 | 28.50 | NOTE | |
r-devel-linux-x86_64-fedora-gcc | 1.6.4 | 44.15 | NOTE | |||
r-patched-linux-x86_64 | 1.6.4 | 3.39 | 33.78 | 37.17 | NOTE | |
r-release-linux-x86_64 | 1.6.4 | 2.87 | 33.32 | 36.19 | NOTE | |
r-release-macos-arm64 | 1.6.4 | 19.00 | OK | |||
r-release-macos-x86_64 | 1.6.4 | 25.00 | OK | |||
r-release-windows-x86_64 | 1.6.4 | 13.00 | 63.00 | 76.00 | OK | |
r-oldrel-macos-arm64 | 1.6.4 | 22.00 | OK | |||
r-oldrel-macos-x86_64 | 1.6.4 | 33.00 | OK | |||
r-oldrel-windows-ix86+x86_64 | 1.6.4 | 6.00 | 98.00 | 104.00 | OK |
Version: 1.6.4
Check: for non-standard things in the check directory
Result: NOTE
Found the following files/directories:
‘catmapdata.fixed.effects.plot.pdf’ ‘catmapdata.funnel.plot.pdf’
‘catmapdata.output.txt’ ‘catmapdata.random.effects.plot.pdf’
Flavors: r-devel-linux-x86_64-debian-clang, r-devel-linux-x86_64-debian-gcc, r-devel-linux-x86_64-fedora-gcc, r-patched-linux-x86_64, r-release-linux-x86_64